{"id":947,"date":"2018-08-30T10:35:37","date_gmt":"2018-08-30T07:35:37","guid":{"rendered":"http:\/\/kirjalitta.fi\/?page_id=947"},"modified":"2024-08-28T11:57:25","modified_gmt":"2024-08-28T08:57:25","slug":"kirjaviisaat","status":"publish","type":"page","link":"https:\/\/kirjalitta.fi\/kirjalitta\/kirjaviisaat\/","title":{"rendered":"Kirjaviisaat-tietokilpailu"},"content":{"rendered":"<p><img loading=\"lazy\" decoding=\"async\" class=\"wp-image-952 aligncenter\" alt=\"\" src=\"https:\/\/kirjalitta.fi\/kirjalitta\/wp-content\/uploads\/2018\/08\/logo_kirjaviisaat_iso-300x167.jpg\" width=\"600\" height=\"333\" srcset=\"https:\/\/kirjalitta.fi\/kirjalitta\/wp-content\/uploads\/2018\/08\/logo_kirjaviisaat_iso-300x167.jpg 300w, https:\/\/kirjalitta.fi\/kirjalitta\/wp-content\/uploads\/2018\/08\/logo_kirjaviisaat_iso-768x426.jpg 768w, https:\/\/kirjalitta.fi\/kirjalitta\/wp-content\/uploads\/2018\/08\/logo_kirjaviisaat_iso-1024x569.jpg 1024w, https:\/\/kirjalitta.fi\/kirjalitta\/wp-content\/uploads\/2018\/08\/logo_kirjaviisaat_iso-800x444.jpg 800w\" sizes=\"auto, (max-width: 600px) 100vw, 600px\" \/><\/p>\n<p>Kuva: Jani Ikonen.<\/p>\n<h1><strong>Kirjatietokilpailu tamperelaisille viidesluokkalaisille<\/strong><\/h1>\n<p>Kirjaviisaat on tietokilpailu, joka pohjautuu Pirkanmaan lukudiplomin viidennen luokan kirjoihin. Kilpailuun osallistuu koko luokka yhdess\u00e4, joten oppilaiden kannattaa lukea mahdollisimman monta eri kirjaa lukudiplomilistalta.<\/p>\n<p>Alkukilpailun vastausten pohjalta loppukilpailuun p\u00e4\u00e4see nelj\u00e4 luokkaa. P\u00e4\u00e4palkintona\u00a0on sanataidepaja koko luokalle sek\u00e4 tietenkin kirjoja.<\/p>\n<p>Luokkien kolmihenkiset joukkueet kilpailevat Kirjaviisaat-mestaruudesta Kirjalitta-festivaalin koululaisp\u00e4iv\u00e4ss\u00e4 <strong>tiistaina 5.11.2024 klo 12 <\/strong><strong>p\u00e4\u00e4kirjasto Metson Kuusi-salissa. Finaali striimataan my\u00f6s<\/strong>\u00a0<strong>Mediakoulun koulukanavalle.<\/strong><\/p>\n<h3><\/h3>\n<h3><strong>Kilpailuohje<\/strong><\/h3>\n<p>Kirjaviisaat-kilpailuun osallistutaan vastaamalla alkukilpailun kysymyksiin. Opettaja lukee kysymykset luokalle ja t\u00e4ytt\u00e4\u00e4 ne nettilomakkeeseen luokan yhdess\u00e4 p\u00e4\u00e4tt\u00e4mien vastausten pohjalta. Nettilomakkeen osoite l\u00e4hetet\u00e4\u00e4n kouluihin heti syysloman j\u00e4lkeen<strong> 21.10. <\/strong>ja se on auki <strong>25.10. <\/strong>asti.<\/p>\n<p><a href=\"https:\/\/piki.finna.fi\/Content\/diplomas\" target=\"_blank\" rel=\"noopener noreferrer\">Tutustu Pirkanmaan lukudiplomin kirjalistoihin.<\/a><\/p>\n<p>Opettaja voi ilmoittaa luokkansa kilpailuun ennakkoon osoitteeseen <strong>kilpailut(a)lastenkirjainstituutti.fi<\/strong> ja tilata nettilomakkeen linkin omaan s\u00e4hk\u00f6postiinsa. Ennakkoilmoittautuminen ei ole kuitenkaan v\u00e4ltt\u00e4m\u00e4t\u00f6nt\u00e4, sill\u00e4 kilpailun kysymyslinkki toimitetaan kaikkiin tamperelaisiin kouluihin.<\/p>\n<p><a href=\"https:\/\/kirjalitta.fi\/kirjalitta\/wp-content\/uploads\/2024\/08\/Kirjaviisaat_kilpailuohje_2024.pdf\">Kirjaviisaat 2024 -kilpailuohje (PDF)<\/a><\/p>\n<p>Lis\u00e4tietoja kilpailusta:<\/p>\n<p>Helmi Kalaja<br \/>\nLastenkirjainstituutti<br \/>\nhelmi.kalaja(a)lastenkirjainstituutti.fi<\/p>\n","protected":false},"excerpt":{"rendered":"<p>Kuva: Jani Ikonen. Kirjatietokilpailu tamperelaisille viidesluokkalaisille Kirjaviisaat on tietokilpailu, joka pohjautuu Pirkanmaan lukudiplomin viidennen luokan kirjoihin. Kilpailuun osallistuu koko luokka yhdess\u00e4, joten oppilaiden kannattaa lukea mahdollisimman monta eri kirjaa lukudiplomilistalta. Alkukilpailun vastausten pohjalta loppukilpailuun p\u00e4\u00e4see nelj\u00e4 luokkaa. P\u00e4\u00e4palkintona\u00a0on sanataidepaja koko luokalle sek\u00e4 tietenkin kirjoja. Luokkien kolmihenkiset joukkueet kilpailevat Kirjaviisaat-mestaruudesta Kirjalitta-festivaalin [&hellip;]<\/p>\n","protected":false},"author":1,"featured_media":952,"parent":0,"menu_order":0,"comment_status":"closed","ping_status":"closed","template":"","meta":{"_themeisle_gutenberg_block_has_review":false,"footnotes":""},"class_list":["post-947","page","type-page","status-publish","has-post-thumbnail","hentry"],"_links":{"self":[{"href":"https:\/\/kirjalitta.fi\/kirjalitta\/wp-json\/wp\/v2\/pages\/947","targetHints":{"allow":["GET"]}}],"collection":[{"href":"https:\/\/kirjalitta.fi\/kirjalitta\/wp-json\/wp\/v2\/pages"}],"about":[{"href":"https:\/\/kirjalitta.fi\/kirjalitta\/wp-json\/wp\/v2\/types\/page"}],"author":[{"embeddable":true,"href":"https:\/\/kirjalitta.fi\/kirjalitta\/wp-json\/wp\/v2\/users\/1"}],"replies":[{"embeddable":true,"href":"https:\/\/kirjalitta.fi\/kirjalitta\/wp-json\/wp\/v2\/comments?post=947"}],"version-history":[{"count":56,"href":"https:\/\/kirjalitta.fi\/kirjalitta\/wp-json\/wp\/v2\/pages\/947\/revisions"}],"predecessor-version":[{"id":3526,"href":"https:\/\/kirjalitta.fi\/kirjalitta\/wp-json\/wp\/v2\/pages\/947\/revisions\/3526"}],"wp:featuredmedia":[{"embeddable":true,"href":"https:\/\/kirjalitta.fi\/kirjalitta\/wp-json\/wp\/v2\/media\/952"}],"wp:attachment":[{"href":"https:\/\/kirjalitta.fi\/kirjalitta\/wp-json\/wp\/v2\/media?parent=947"}],"curies":[{"name":"wp","href":"https:\/\/api.w.org\/{rel}","templated":true}]}}