{"id":769,"date":"2017-10-26T14:12:40","date_gmt":"2017-10-26T11:12:40","guid":{"rendered":"http:\/\/kirjalitta.fi\/?page_id=769"},"modified":"2018-10-24T14:34:15","modified_gmt":"2018-10-24T11:34:15","slug":"nayttelyt","status":"publish","type":"page","link":"https:\/\/kirjalitta.fi\/kirjalitta\/ohjelma\/ohjelma-2017\/nayttelyt\/","title":{"rendered":"N\u00e4yttelyt 6.-12.11.2017"},"content":{"rendered":"<h2 style=\"text-align: left;\"><strong>Lapset kirjoittavat kaupunkia: Eritt\u00e4in salainen -sanataiden\u00e4yttely<br \/>\n<\/strong><\/h2>\n<p style=\"text-align: left;\"><span class=\"_4n-j _fbReactionComponent__eventDetailsContentTags fsl\" data-testid=\"event-permalink-details\">Salapoliiseja, p\u00e4iv\u00e4kirjoja, salaisten ihailijoiden viestej\u00e4&#8230; Sanataideyhdistys Y\u00f6st\u00e4j\u00e4 on koonnut 9-18-vuotiaiden sanataideoppilaiden teksteist\u00e4 n\u00e4yttelyn, jonka teemana on &#8221;Eritt\u00e4in salainen&#8221;. N\u00e4yttely nostaa esiin lasten ja nuorten tekijyytt\u00e4 ja sanataideharrastusta sek\u00e4 el\u00e4v\u00f6itt\u00e4\u00e4 kaupunkitilaa. N\u00e4yttelyn tekstit on sijoiteltu eri kaupunkikohteisiin.<\/span> Salaiset n\u00e4yttelypaikat ja teemat ovat:<\/p>\n<p>1. Patosilta, rakkauslukot &#8211; salaisten ihailijoiden viestej\u00e4<\/p>\n<p>2. Sokos, Kuninkaankadun puoleinen n\u00e4yteikkuna &#8211; salaliittoteorioita<\/p>\n<p>3. Rautatieasema &#8211; reittiohjeita salaisiin paikkoihin<\/p>\n<p>4. Pikku Kakkosen puisto &#8211; rikostarinan aineksia<\/p>\n<p>5. Monitoimitalo 13 &#8211; kuvitteellisten henkil\u00f6iden p\u00e4iv\u00e4kirjoja<\/p>\n<p>6. P\u00e4\u00e4kirjasto Metso &#8211; salaisuuksien sanakirja<\/p>\n<p style=\"text-align: left;\"><img loading=\"lazy\" decoding=\"async\" class=\"aligncenter wp-image-697\" src=\"https:\/\/kirjalitta.fi\/kirjalitta\/wp-content\/uploads\/2017\/09\/patosilta-300x225.jpg\" alt=\"\" width=\"400\" height=\"300\" srcset=\"https:\/\/kirjalitta.fi\/kirjalitta\/wp-content\/uploads\/2017\/09\/patosilta-300x225.jpg 300w, https:\/\/kirjalitta.fi\/kirjalitta\/wp-content\/uploads\/2017\/09\/patosilta-768x576.jpg 768w, https:\/\/kirjalitta.fi\/kirjalitta\/wp-content\/uploads\/2017\/09\/patosilta-1024x768.jpg 1024w, https:\/\/kirjalitta.fi\/kirjalitta\/wp-content\/uploads\/2017\/09\/patosilta-800x600.jpg 800w, https:\/\/kirjalitta.fi\/kirjalitta\/wp-content\/uploads\/2017\/09\/patosilta-400x300.jpg 400w, https:\/\/kirjalitta.fi\/kirjalitta\/wp-content\/uploads\/2017\/09\/patosilta.jpg 2048w\" sizes=\"auto, (max-width: 400px) 100vw, 400px\" \/><\/p>\n<h2 id=\"tataenlue\" style=\"text-align: left;\"><strong>T\u00e4t\u00e4 en lapselleni lue!<br \/>\nSensuuritapauksia ja paheksuttuja lastenkirjoja, Koilliskeskuksen kirjasto.<br \/>\n<\/strong><\/h2>\n<p style=\"text-align: left;\">Juopottelua ja v\u00e4kivaltaa, rasismia ja vessajuttuja &#8211; lastenkirjassa! Kirjan\u00e4yttelyss\u00e4 esitell\u00e4\u00e4n tulenarkoja aiheita k\u00e4sittelevi\u00e4 ja pahennusta her\u00e4tt\u00e4neit\u00e4 lastenkirjoja 1800-luvun lopulta t\u00e4h\u00e4n p\u00e4iv\u00e4\u00e4n. Kirjan\u00e4yttelyyn on koottu 56 kuvakirjaa ja lastenromaania, jotka on jaoteltu aihealueen mukaan nelj\u00e4\u00e4n ryhm\u00e4\u00e4n.N\u00e4yttelyn avajaistilaisuus pidet\u00e4\u00e4n maanantaina 6.11.2017 klo 17.30 (ks. <a href=\"https:\/\/kirjalitta.fi\/kirjalitta\/muut-tapahtumat\/\">muut tapahtumat<\/a>). N\u00e4yttely on esill\u00e4 Koilliskeskuksessa viel\u00e4 Kirjalitta-viikon j\u00e4lkeen 24.11.2017 saakka.<br \/>\nN\u00e4yttelyn on koonnut Lastenkirjainstituutti.<br \/>\n<strong><br \/>\n<\/strong>Kirjaston aukioloajat: <a href=\"https:\/\/www.tampere.fi\/kulttuuri-ja-vapaa-aika\/kirjastot\/aukiolot-ja-yhteystiedot\/koilliskeskus-kirjasto.html\" target=\"_blank\" rel=\"noopener\">https:\/\/www.tampere.fi\/kulttuuri-ja-vapaa-aika\/kirjastot\/aukiolot-ja-yhteystiedot\/koilliskeskus-kirjasto.html<\/a><\/p>\n<h1 style=\"text-align: left;\"><strong>\u201dT\u00e4t\u00e4 en aikuisille lukisi\u201d-sanataiden\u00e4yttely, Koilliskeskuksen kirjasto<br \/>\n<\/strong><\/h1>\n<p style=\"text-align: left;\">Kiroilua\u00a0ja\u00a0alap\u00e4\u00e4juttuja,\u00a0politiikkaa\u00a0ja\u00a0itsetuhoisuutta\u00a0&#8211;\u00a0lasten kyn\u00e4st\u00e4!\u00a0Mit\u00e4\u00a0lapsilla\u00a0on\u00a0lupa\u00a0kirjoittaa\u00a0ja\u00a0sanoa\u00a0\u00e4\u00e4neen,\u00a0ja\u00a0mit\u00e4\u00a0aikuiset haluavat\u00a0kuulla?\u00a0Tekstin\u00e4yttelyss\u00e4\u00a0esitell\u00e4\u00e4n\u00a0alle\u00a018-vuotiaiden kirjoittamia\u00a0tekstej\u00e4,\u00a0jotka\u00a0ovat\u00a0sis\u00e4lt\u00f6ns\u00e4\u00a0vuoksi\u00a0joutuneet\u00a0aikuisten paheksunnan\u00a0tai\u00a0sensuurin\u00a0kohteeksi.<br \/>\nN\u00e4yttelyn toteuttaa Sanataideyhdistys Y\u00f6st\u00e4j\u00e4 ry.<\/p>\n","protected":false},"excerpt":{"rendered":"<p>Lapset kirjoittavat kaupunkia: Eritt\u00e4in salainen -sanataiden\u00e4yttely Salapoliiseja, p\u00e4iv\u00e4kirjoja, salaisten ihailijoiden viestej\u00e4&#8230; Sanataideyhdistys Y\u00f6st\u00e4j\u00e4 on koonnut 9-18-vuotiaiden sanataideoppilaiden teksteist\u00e4 n\u00e4yttelyn, jonka teemana on &#8221;Eritt\u00e4in salainen&#8221;. N\u00e4yttely nostaa esiin lasten ja nuorten tekijyytt\u00e4 ja sanataideharrastusta sek\u00e4 el\u00e4v\u00f6itt\u00e4\u00e4 kaupunkitilaa. N\u00e4yttelyn tekstit on sijoiteltu eri kaupunkikohteisiin. Salaiset n\u00e4yttelypaikat ja teemat ovat: 1. Patosilta, rakkauslukot [&hellip;]<\/p>\n","protected":false},"author":1,"featured_media":0,"parent":498,"menu_order":0,"comment_status":"closed","ping_status":"closed","template":"","meta":{"_themeisle_gutenberg_block_has_review":false,"footnotes":""},"class_list":["post-769","page","type-page","status-publish","hentry"],"_links":{"self":[{"href":"https:\/\/kirjalitta.fi\/kirjalitta\/wp-json\/wp\/v2\/pages\/769","targetHints":{"allow":["GET"]}}],"collection":[{"href":"https:\/\/kirjalitta.fi\/kirjalitta\/wp-json\/wp\/v2\/pages"}],"about":[{"href":"https:\/\/kirjalitta.fi\/kirjalitta\/wp-json\/wp\/v2\/types\/page"}],"author":[{"embeddable":true,"href":"https:\/\/kirjalitta.fi\/kirjalitta\/wp-json\/wp\/v2\/users\/1"}],"replies":[{"embeddable":true,"href":"https:\/\/kirjalitta.fi\/kirjalitta\/wp-json\/wp\/v2\/comments?post=769"}],"version-history":[{"count":19,"href":"https:\/\/kirjalitta.fi\/kirjalitta\/wp-json\/wp\/v2\/pages\/769\/revisions"}],"predecessor-version":[{"id":1241,"href":"https:\/\/kirjalitta.fi\/kirjalitta\/wp-json\/wp\/v2\/pages\/769\/revisions\/1241"}],"up":[{"embeddable":true,"href":"https:\/\/kirjalitta.fi\/kirjalitta\/wp-json\/wp\/v2\/pages\/498"}],"wp:attachment":[{"href":"https:\/\/kirjalitta.fi\/kirjalitta\/wp-json\/wp\/v2\/media?parent=769"}],"curies":[{"name":"wp","href":"https:\/\/api.w.org\/{rel}","templated":true}]}}