{"id":765,"date":"2017-10-26T14:09:38","date_gmt":"2017-10-26T11:09:38","guid":{"rendered":"http:\/\/kirjalitta.fi\/?page_id=765"},"modified":"2018-10-24T14:34:06","modified_gmt":"2018-10-24T11:34:06","slug":"muut-tapahtumat","status":"publish","type":"page","link":"https:\/\/kirjalitta.fi\/kirjalitta\/ohjelma\/ohjelma-2017\/muut-tapahtumat\/","title":{"rendered":"Muut tapahtumat 6.-12.11.2017"},"content":{"rendered":"<h1 style=\"text-align: left;\"><strong>Maanantai 6.11.2017<\/strong><\/h1>\n<p id=\"koilliskeskus\" style=\"text-align: left;\"><strong>Klo 17.30 T\u00e4t\u00e4 en lapselleni lue! -n\u00e4yttelyn avajaistilaisuus, Koilliskeskuksen kirjasto.<br \/>\n<\/strong>T\u00e4t\u00e4\u00a0en\u00a0lapselleni\u00a0lue!\u00a0-kirjan\u00e4yttelyn\u00a0ja\u00a0&#8221;T\u00e4t\u00e4\u00a0en\u00a0aikuiselle\u00a0lukisi&#8221; -tekstin\u00e4yttelyn\u00a0avajaistilaisuus.\u00a0Paneelikeskustelussa\u00a0mukana kirjan\u00e4yttelyn\u00a0koonnut\u00a0Minttu\u00a0Tervaharju,\u00a0\u00a0tutkija\u00a0ja\u00a0tietokirjailija\u00a0P\u00e4ivi Heikkil\u00e4-Halttunen\u00a0sek\u00e4\u00a0Sanataideyhdistys\u00a0Y\u00f6st\u00e4j\u00e4n\u00a0oppilas\u00a0Siiri\u00a0Torvinen.<\/p>\n<h1 style=\"text-align: left;\"><strong>Tiistai 7.11.2017<\/strong><\/h1>\n<p style=\"text-align: left;\"><strong>Klo 10.30 Suomi-persia-lorupiknik, Laivapuiston perhetalo.<br \/>\n<\/strong>Tule tutustumaan suomalaisiin loruihin ja runoihin, leikittelem\u00e4\u00e4n kielell\u00e4 ja nauttimaan yhdess\u00e4olosta sanojen, kirjojen ja rytmien \u00e4\u00e4rell\u00e4. Lorupiknikkiin ilmoittaudutaan 30.10. menness\u00e4 \u00a0osoitteeseen taite(a)tampere.fi. Laivapuistossa on samaan aikaan avoin perhakahvila &#8211; mahdollisuus tutustua Koko maailman tarinatelttaan, jossa luetaan ja luodaan tarinoita eri kielill\u00e4. Ohjelman toteuttaa MLL Tampereen osasto, Kulttuurikasvatusyksikk\u00f6 TAITE ja Sanataideyhdistys Y\u00f6st\u00e4j\u00e4.<\/p>\n<p style=\"text-align: left;\"><strong>Klo 17.30 \u2013 19.30 Koko perheen salapoliisi-ilta, P\u00e4\u00e4kirjasto Metso.<br \/>\n<\/strong>Salapoliisiteht\u00e4vist\u00e4 koostuva teht\u00e4v\u00e4rata, joka sopii my\u00f6s perheen pienimmille. Salaper\u00e4isen\u00e4 kirjailijavieraana Jukka-Pekka Palviainen. Tapahtuman toteuttaa Sanataideyhdistys Y\u00f6st\u00e4j\u00e4. Mukana menossa my\u00f6s oppilaita Viita-akatemian ja Yl\u00f6j\u00e4rven kaupungin sanataideryhmist\u00e4.<\/p>\n<p style=\"text-align: left;\"><img loading=\"lazy\" decoding=\"async\" class=\"aligncenter wp-image-693\" src=\"https:\/\/kirjalitta.fi\/kirjalitta\/wp-content\/uploads\/2017\/09\/SALAPOLIISIJULISTE-724x1024.jpg\" alt=\"\" width=\"400\" height=\"566\" srcset=\"https:\/\/kirjalitta.fi\/kirjalitta\/wp-content\/uploads\/2017\/09\/SALAPOLIISIJULISTE-724x1024.jpg 724w, https:\/\/kirjalitta.fi\/kirjalitta\/wp-content\/uploads\/2017\/09\/SALAPOLIISIJULISTE-212x300.jpg 212w, https:\/\/kirjalitta.fi\/kirjalitta\/wp-content\/uploads\/2017\/09\/SALAPOLIISIJULISTE-768x1086.jpg 768w, https:\/\/kirjalitta.fi\/kirjalitta\/wp-content\/uploads\/2017\/09\/SALAPOLIISIJULISTE-800x1131.jpg 800w\" sizes=\"auto, (max-width: 400px) 100vw, 400px\" \/><\/p>\n<h1 style=\"text-align: left;\"><strong>Keskiviikko 8.11.2017<\/strong><\/h1>\n<p style=\"text-align: left;\"><strong>Klo 9 ja 10.15 Kirjavinkkausjuhla, Sampolan auditorio.<br \/>\n<\/strong>Kirjavinkkausjuhlassa kuullaan kirjavinkkej\u00e4 nuorilta ja aikuisilta sek\u00e4 tutustutaan TubeKirjaVink -videoihin. Tuo mukaasi kirja, jonka haluaisit vinkata muille ja lue sit\u00e4 hetken \u00e4\u00e4neen yhdess\u00e4 kaikkien muiden osallistujien kanssa. Saadaanko aikaan jotain sorinaa kovempaa? Juhlan juontaa kirjavinkkauksen todellinen konkari, Marja-Leena M\u00e4kel\u00e4. Ohjelman toteuttaa Suomen sanataideopetuksen seura.<\/p>\n<p style=\"text-align: left;\"><strong>Klo 18-19.30 P\u00e4iv\u00e4kirjahuone, Monitoimitalo 13 (Stenvall, 4. krs).<br \/>\n<\/strong>P\u00e4iv\u00e4kirjahuoneessa tutustutaan tekstilajeista salaisimpaan: p\u00e4iv\u00e4kirjaan. Kirjailijavieraana Kirsti Kuronen, jota haastattelee Y\u00f6st\u00e4j\u00e4n sanataideoppilas. Lis\u00e4n\u00e4 p\u00e4iv\u00e4kirjaty\u00f6paja ja ELKI ry:n toteuttama Salaiset p\u00e4iv\u00e4kirjat-n\u00e4yttely. Tapahtumasta vastaa Sanataideyhdistys Y\u00f6st\u00e4j\u00e4, El\u00e4v\u00e4n kirjallisuuden yhdistys ELKI ry ja Tampereen kaupungin nuorisopalvelut.<\/p>\n<p><img loading=\"lazy\" decoding=\"async\" class=\"aligncenter wp-image-888\" src=\"https:\/\/kirjalitta.fi\/kirjalitta\/wp-content\/uploads\/2017\/10\/P\u00e4iv\u00e4kirjahuone-flyer-1024x726.jpg\" alt=\"\" width=\"700\" height=\"497\" srcset=\"https:\/\/kirjalitta.fi\/kirjalitta\/wp-content\/uploads\/2017\/10\/P\u00e4iv\u00e4kirjahuone-flyer-1024x726.jpg 1024w, https:\/\/kirjalitta.fi\/kirjalitta\/wp-content\/uploads\/2017\/10\/P\u00e4iv\u00e4kirjahuone-flyer-300x213.jpg 300w, https:\/\/kirjalitta.fi\/kirjalitta\/wp-content\/uploads\/2017\/10\/P\u00e4iv\u00e4kirjahuone-flyer-768x545.jpg 768w, https:\/\/kirjalitta.fi\/kirjalitta\/wp-content\/uploads\/2017\/10\/P\u00e4iv\u00e4kirjahuone-flyer-800x568.jpg 800w, https:\/\/kirjalitta.fi\/kirjalitta\/wp-content\/uploads\/2017\/10\/P\u00e4iv\u00e4kirjahuone-flyer.jpg 1748w\" sizes=\"auto, (max-width: 700px) 100vw, 700px\" \/><\/p>\n<h1 style=\"text-align: left;\"><strong>Torstai 9.11.2017<\/strong><\/h1>\n<p style=\"text-align: left;\"><strong>Klo 10 Lastenlorun\u00e4ytelm\u00e4 Mit\u00e4 teht\u00e4is? sek\u00e4 lorupiknik, TTT:n Kellariteatteri.<br \/>\n<\/strong>3\u20137-vuotiaille suunnattu lorun\u00e4ytelm\u00e4, joka kutsuu lapset ja aikuiset sanojen rikkaaseen maailmaan. Liput 13 eur\/kpl (<a href=\"http:\/\/www.ttt-teatteri.fi\/ohjelmisto\/mita-tehtais\" target=\"_blank\" rel=\"noopener\">http:\/\/www.ttt-teatteri.fi\/ohjelmisto\/mita-tehtais<\/a>). Tampereen ty\u00f6v\u00e4en teatterin ja Sanataideyhdistys Y\u00f6st\u00e4j\u00e4n toteuttama, maksuton lorupiknik n\u00e4yt\u00f6ksen j\u00e4lkeen Kellariteatterin kahviossa noin kello 11. Piknikiin sis\u00e4ltyy sanataidekasvattajan vet\u00e4m\u00e4 lorutteluhetki sek\u00e4 omien lorukorttien askartelua. Kellariteatterin kahvila palvelee tapahtuman ajan ja mukaan saa ottaa my\u00f6s omat ev\u00e4\u00e4t!<\/p>\n<div id=\"attachment_695\" style=\"width: 510px\" class=\"wp-caption aligncenter\"><img loading=\"lazy\" decoding=\"async\" aria-describedby=\"caption-attachment-695\" class=\"wp-image-695\" src=\"https:\/\/kirjalitta.fi\/kirjalitta\/wp-content\/uploads\/2017\/09\/Mit\u00e4-teht\u00e4is_TTT.jpg\" alt=\"\" width=\"500\" height=\"334\" srcset=\"https:\/\/kirjalitta.fi\/kirjalitta\/wp-content\/uploads\/2017\/09\/Mit\u00e4-teht\u00e4is_TTT.jpg 700w, https:\/\/kirjalitta.fi\/kirjalitta\/wp-content\/uploads\/2017\/09\/Mit\u00e4-teht\u00e4is_TTT-300x200.jpg 300w\" sizes=\"auto, (max-width: 500px) 100vw, 500px\" \/><p id=\"caption-attachment-695\" class=\"wp-caption-text\">Yhteisty\u00f6ss\u00e4 Tamperen ty\u00f6v\u00e4en teatteri &#8211; kuvaaja Kari Sunnari<\/p><\/div>\n<p style=\"text-align: left;\"><strong>Klo 16.30-19.45 &#8221;Salakielt\u00e4? Sanataidetta!&#8221;, Sampolan kirjasto.<br \/>\n<\/strong>Viita-akatemian sanataidekoulun ryhm\u00e4t Supina ja Kuiske johdattavat sanataiteen saloihin. Luvassa kaikenik\u00e4isille suunnattua ohjelmaa sanataiteen ymp\u00e4rilt\u00e4.<\/p>\n<h1 style=\"text-align: left;\"><strong>Perjantai 10.11.2017<\/strong><\/h1>\n<p style=\"text-align: left;\"><strong>Klo 9-16.30 Kuka lukisi minut \u2013 lapsen ja kirjan kohtaaminen muuttuvassa maailmassa. P\u00e4\u00e4kirjasto Metso, Lehmus-sali.<br \/>\n<\/strong>Lastenkirjainstituutin Suuri lukuseikkailu -seminaari. Seminaarissa on tiedossa kirjailijoiden, kustantajien, tutkijoiden ja lasten parissa ty\u00f6skentelevien puheenvuoroja muun muassa lastenkirjallisuuden kustantamisesta, lastenkirjallisuuden uudesta el\u00e4m\u00e4st\u00e4 valkokankaalla, teatterissa ja selkokirjoissa sek\u00e4 varhaislapsuuden yhteisist\u00e4 lukuhetkist\u00e4.<br \/>\nLis\u00e4tietoa seminaarista: <a href=\"http:\/\/lastenkirjainstituutti.fi\/tapahtumat\/seminaarit\/kuka-lukisi-minut-seminaari\" target=\"_blank\" rel=\"noopener\">http:\/\/lastenkirjainstituutti.fi\/tapahtumat\/seminaarit\/kuka-lukisi-minut-seminaari<\/a>.<br \/>\nKirjastokaista suoral\u00e4hett\u00e4\u00e4 seminaarin ja esitykset julkaistaan my\u00f6s j\u00e4lkitallenteina: <a href=\"http:\/\/www.kirjastokaista.fi\/live\/\">http:\/\/www.kirjastokaista.fi\/live\/<\/a><\/p>\n","protected":false},"excerpt":{"rendered":"<p>Maanantai 6.11.2017 Klo 17.30 T\u00e4t\u00e4 en lapselleni lue! -n\u00e4yttelyn avajaistilaisuus, Koilliskeskuksen kirjasto. T\u00e4t\u00e4\u00a0en\u00a0lapselleni\u00a0lue!\u00a0-kirjan\u00e4yttelyn\u00a0ja\u00a0&#8221;T\u00e4t\u00e4\u00a0en\u00a0aikuiselle\u00a0lukisi&#8221; -tekstin\u00e4yttelyn\u00a0avajaistilaisuus.\u00a0Paneelikeskustelussa\u00a0mukana kirjan\u00e4yttelyn\u00a0koonnut\u00a0Minttu\u00a0Tervaharju,\u00a0\u00a0tutkija\u00a0ja\u00a0tietokirjailija\u00a0P\u00e4ivi Heikkil\u00e4-Halttunen\u00a0sek\u00e4\u00a0Sanataideyhdistys\u00a0Y\u00f6st\u00e4j\u00e4n\u00a0oppilas\u00a0Siiri\u00a0Torvinen. Tiistai 7.11.2017 Klo 10.30 Suomi-persia-lorupiknik, Laivapuiston perhetalo. Tule tutustumaan suomalaisiin loruihin ja runoihin, leikittelem\u00e4\u00e4n kielell\u00e4 ja nauttimaan yhdess\u00e4olosta sanojen, kirjojen ja rytmien \u00e4\u00e4rell\u00e4. Lorupiknikkiin ilmoittaudutaan 30.10. menness\u00e4 \u00a0osoitteeseen taite(a)tampere.fi. Laivapuistossa on samaan aikaan avoin [&hellip;]<\/p>\n","protected":false},"author":3,"featured_media":0,"parent":498,"menu_order":0,"comment_status":"closed","ping_status":"closed","template":"","meta":{"_themeisle_gutenberg_block_has_review":false,"footnotes":""},"class_list":["post-765","page","type-page","status-publish","hentry"],"_links":{"self":[{"href":"https:\/\/kirjalitta.fi\/kirjalitta\/wp-json\/wp\/v2\/pages\/765","targetHints":{"allow":["GET"]}}],"collection":[{"href":"https:\/\/kirjalitta.fi\/kirjalitta\/wp-json\/wp\/v2\/pages"}],"about":[{"href":"https:\/\/kirjalitta.fi\/kirjalitta\/wp-json\/wp\/v2\/types\/page"}],"author":[{"embeddable":true,"href":"https:\/\/kirjalitta.fi\/kirjalitta\/wp-json\/wp\/v2\/users\/3"}],"replies":[{"embeddable":true,"href":"https:\/\/kirjalitta.fi\/kirjalitta\/wp-json\/wp\/v2\/comments?post=765"}],"version-history":[{"count":24,"href":"https:\/\/kirjalitta.fi\/kirjalitta\/wp-json\/wp\/v2\/pages\/765\/revisions"}],"predecessor-version":[{"id":1240,"href":"https:\/\/kirjalitta.fi\/kirjalitta\/wp-json\/wp\/v2\/pages\/765\/revisions\/1240"}],"up":[{"embeddable":true,"href":"https:\/\/kirjalitta.fi\/kirjalitta\/wp-json\/wp\/v2\/pages\/498"}],"wp:attachment":[{"href":"https:\/\/kirjalitta.fi\/kirjalitta\/wp-json\/wp\/v2\/media?parent=765"}],"curies":[{"name":"wp","href":"https:\/\/api.w.org\/{rel}","templated":true}]}}