{"id":3592,"date":"2024-09-30T14:21:06","date_gmt":"2024-09-30T11:21:06","guid":{"rendered":"https:\/\/kirjalitta.fi\/kirjalitta\/?page_id=3592"},"modified":"2024-09-30T17:17:00","modified_gmt":"2024-09-30T14:17:00","slug":"9-11-kirjalitan-10-synttarit","status":"publish","type":"page","link":"https:\/\/kirjalitta.fi\/kirjalitta\/9-11-kirjalitan-10-synttarit\/","title":{"rendered":"9.11. Kirjalitan 10-syntt\u00e4rit"},"content":{"rendered":"\n<p>Tervetuloa juhlimaan Kirjalitan kymppisyntt\u00e4reit\u00e4! Juhlia vietet\u00e4\u00e4n Nuorten kulttuurikeskus Monitoimitalo 13:ssa lauantaina 9.11. klo 14\u201316.30. Kutsumme mukaan kaikkia 9\u201312-vuotiaita ja tarjoamme hauskoja ty\u00f6pajoja, musiikkia sek\u00e4 tietenkin syntt\u00e4riherkkuja.<\/p>\n\n\n\n<p>Kymppisyntt\u00e4reill\u00e4 esiintyy tietokirjailija Vuokko Hurme, joka my\u00f6s ohjaa karkkikoruty\u00f6pajan. Karkkity\u00f6pajassa p\u00e4\u00e4set pujottelemaan itselle oikean karkkikaulakorun Timanttia tietoa\u00a0-lasten tietokirjasarjaan kuuluvien Karkkikirjan ja Juhlakirjan hengess\u00e4.<\/p>\n\n\n\n<p>Punainen k\u00e4py -yhtye improvisoi musiikkia lasten kirjoittamista teksteist\u00e4, ja Y\u00f6st\u00e4j\u00e4n ty\u00f6pajassa jokainen p\u00e4\u00e4see sanataiteen makuun.<\/p>\n\n\n\n<p>Pukeudu kirjallisuuden hahmoksi, paras puku palkitaan!<\/p>\n\n\n\n<p>Lastenohjelman aikaan aikuisille on omat lukubileet, joihin on katettu kiehtova valikoima lastenkirjallisuutta. Paikalla on my\u00f6s Y\u00f6st\u00e4j\u00e4n kirjavinkkari, joka auttaa sopivan luettavan l\u00f6yt\u00e4misess\u00e4.<\/p>\n\n\n\n<p>Juhliin on ennakkoilmoittautuminen, joka aukeaa my\u00f6hemmin lokakuussa.<\/p>\n","protected":false},"excerpt":{"rendered":"<p>Tervetuloa juhlimaan Kirjalitan kymppisyntt\u00e4reit\u00e4! Juhlia vietet\u00e4\u00e4n Nuorten kulttuurikeskus Monitoimitalo 13:ssa lauantaina 9.11. klo 14\u201316.30. Kutsumme mukaan kaikkia 9\u201312-vuotiaita ja tarjoamme hauskoja ty\u00f6pajoja, musiikkia sek\u00e4 tietenkin syntt\u00e4riherkkuja. Kymppisyntt\u00e4reill\u00e4 esiintyy tietokirjailija Vuokko Hurme, joka my\u00f6s ohjaa karkkikoruty\u00f6pajan. Karkkity\u00f6pajassa p\u00e4\u00e4set pujottelemaan itselle oikean karkkikaulakorun Timanttia tietoa\u00a0-lasten tietokirjasarjaan kuuluvien Karkkikirjan ja Juhlakirjan hengess\u00e4. Punainen [&hellip;]<\/p>\n","protected":false},"author":1,"featured_media":0,"parent":0,"menu_order":0,"comment_status":"closed","ping_status":"closed","template":"","meta":{"_themeisle_gutenberg_block_has_review":false,"footnotes":""},"class_list":["post-3592","page","type-page","status-publish","hentry"],"_links":{"self":[{"href":"https:\/\/kirjalitta.fi\/kirjalitta\/wp-json\/wp\/v2\/pages\/3592","targetHints":{"allow":["GET"]}}],"collection":[{"href":"https:\/\/kirjalitta.fi\/kirjalitta\/wp-json\/wp\/v2\/pages"}],"about":[{"href":"https:\/\/kirjalitta.fi\/kirjalitta\/wp-json\/wp\/v2\/types\/page"}],"author":[{"embeddable":true,"href":"https:\/\/kirjalitta.fi\/kirjalitta\/wp-json\/wp\/v2\/users\/1"}],"replies":[{"embeddable":true,"href":"https:\/\/kirjalitta.fi\/kirjalitta\/wp-json\/wp\/v2\/comments?post=3592"}],"version-history":[{"count":2,"href":"https:\/\/kirjalitta.fi\/kirjalitta\/wp-json\/wp\/v2\/pages\/3592\/revisions"}],"predecessor-version":[{"id":3600,"href":"https:\/\/kirjalitta.fi\/kirjalitta\/wp-json\/wp\/v2\/pages\/3592\/revisions\/3600"}],"wp:attachment":[{"href":"https:\/\/kirjalitta.fi\/kirjalitta\/wp-json\/wp\/v2\/media?parent=3592"}],"curies":[{"name":"wp","href":"https:\/\/api.w.org\/{rel}","templated":true}]}}