{"id":3505,"date":"2024-08-28T11:38:04","date_gmt":"2024-08-28T08:38:04","guid":{"rendered":"https:\/\/kirjalitta.fi\/kirjalitta\/?page_id=3505"},"modified":"2025-09-23T10:34:01","modified_gmt":"2025-09-23T07:34:01","slug":"kirjalitta-2024","status":"publish","type":"page","link":"https:\/\/kirjalitta.fi\/kirjalitta\/kirjalitta-2024\/","title":{"rendered":"Kirjalitta 2024: Juhlat"},"content":{"rendered":"\n<p>Kirjalittaa vietet\u00e4\u00e4n jo kymmenett\u00e4 kertaa Tampereella 4.\u201310.11.2024, ja t\u00e4n\u00e4 vuonna teemana on tietenkin <strong>juhlat<\/strong>. Tervetuloa juhlimaan kymppisyntt\u00e4reit\u00e4!&nbsp;<\/p>\n\n\n\n<p>Festivaaliviikon ohjelmassa on eri ik\u00e4isille suunnattuja ty\u00f6pajoja, kirjailijavieraita ja esityksi\u00e4, Nuoret kirjoittavat kaupunkia -tekstin\u00e4yttely, Kirjaviisaat-kirjatietokilpailu ja muuta hauskaa.&nbsp;<\/p>\n\n\n\n<p>Lauantaina 9.11. festivaaliviikko huipentuu Kirjalitan kymppisyntt\u00e4reihin Nuorten kulttuurikeskus Monitoimitalo 13:ssa.&nbsp;<\/p>\n\n\n\n<p>Ohjelmaa on Tampereen kaupunginkirjaston p\u00e4\u00e4- ja l\u00e4hikirjastoissa, Lastenkulttuurikeskus Rullassa sek\u00e4 Monitoimitalo 13:ssa.&nbsp;<\/p>\n\n\n\n<p>Katso koko ohjelma <a href=\"https:\/\/kirjalitta.fi\/kirjalitta\/viikon-ohjelma-2024\/\">t\u00e4\u00e4lt\u00e4<\/a>.<\/p>\n\n\n\n<p>Kirjalittaa voi seurata my\u00f6s somessa tunnisteilla #kirjalitta ja #kirjalitta2024&nbsp;<\/p>\n\n\n\n<p>Tule mukaan juhlimaan kirjoitettujen ja puhuttujen tekstien pariin!&nbsp;<\/p>\n","protected":false},"excerpt":{"rendered":"<p>Kirjalittaa vietet\u00e4\u00e4n jo kymmenett\u00e4 kertaa Tampereella 4.\u201310.11.2024, ja t\u00e4n\u00e4 vuonna teemana on tietenkin juhlat. Tervetuloa juhlimaan kymppisyntt\u00e4reit\u00e4!&nbsp; Festivaaliviikon ohjelmassa on eri ik\u00e4isille suunnattuja ty\u00f6pajoja, kirjailijavieraita ja esityksi\u00e4, Nuoret kirjoittavat kaupunkia -tekstin\u00e4yttely, Kirjaviisaat-kirjatietokilpailu ja muuta hauskaa.&nbsp; Lauantaina 9.11. festivaaliviikko huipentuu Kirjalitan kymppisyntt\u00e4reihin Nuorten kulttuurikeskus Monitoimitalo 13:ssa.&nbsp; Ohjelmaa on Tampereen kaupunginkirjaston p\u00e4\u00e4- [&hellip;]<\/p>\n","protected":false},"author":1,"featured_media":0,"parent":0,"menu_order":0,"comment_status":"closed","ping_status":"closed","template":"","meta":{"_themeisle_gutenberg_block_has_review":false,"footnotes":""},"class_list":["post-3505","page","type-page","status-publish","hentry"],"_links":{"self":[{"href":"https:\/\/kirjalitta.fi\/kirjalitta\/wp-json\/wp\/v2\/pages\/3505","targetHints":{"allow":["GET"]}}],"collection":[{"href":"https:\/\/kirjalitta.fi\/kirjalitta\/wp-json\/wp\/v2\/pages"}],"about":[{"href":"https:\/\/kirjalitta.fi\/kirjalitta\/wp-json\/wp\/v2\/types\/page"}],"author":[{"embeddable":true,"href":"https:\/\/kirjalitta.fi\/kirjalitta\/wp-json\/wp\/v2\/users\/1"}],"replies":[{"embeddable":true,"href":"https:\/\/kirjalitta.fi\/kirjalitta\/wp-json\/wp\/v2\/comments?post=3505"}],"version-history":[{"count":5,"href":"https:\/\/kirjalitta.fi\/kirjalitta\/wp-json\/wp\/v2\/pages\/3505\/revisions"}],"predecessor-version":[{"id":3727,"href":"https:\/\/kirjalitta.fi\/kirjalitta\/wp-json\/wp\/v2\/pages\/3505\/revisions\/3727"}],"wp:attachment":[{"href":"https:\/\/kirjalitta.fi\/kirjalitta\/wp-json\/wp\/v2\/media?parent=3505"}],"curies":[{"name":"wp","href":"https:\/\/api.w.org\/{rel}","templated":true}]}}

<p>Kirjalittaa vietetään jo kymmenettä kertaa Tampereella 4.–10.11.2024, ja tänä vuonna teemana on tietenkin <strong>juhlat</strong>. Tervetuloa juhlimaan kymppisynttäreitä!&nbsp;</p>



<p>Festivaaliviikon ohjelmassa on eri ikäisille suunnattuja työpajoja, kirjailijavieraita ja esityksiä, Nuoret kirjoittavat kaupunkia -tekstinäyttely, Kirjaviisaat-kirjatietokilpailu ja muuta hauskaa.&nbsp;</p>



<p>Lauantaina 9.11. festivaaliviikko huipentuu Kirjalitan kymppisynttäreihin Nuorten kulttuurikeskus Monitoimitalo 13:ssa.&nbsp;</p>



<p>Ohjelmaa on Tampereen kaupunginkirjaston pää- ja lähikirjastoissa, Lastenkulttuurikeskus Rullassa sekä Monitoimitalo 13:ssa.&nbsp;</p>



<p>Katso koko ohjelma <a href="https://kirjalitta.fi/kirjalitta/viikon-ohjelma-2024/">täältä</a>.</p>



<p>Kirjalittaa voi seurata myös somessa tunnisteilla #kirjalitta ja #kirjalitta2024&nbsp;</p>



<p>Tule mukaan juhlimaan kirjoitettujen ja puhuttujen tekstien pariin!&nbsp;</p>

<p>Kirjalittaa vietetään jo kymmenettä kertaa Tampereella 4.–10.11.2024, ja tänä vuonna teemana on tietenkin juhlat. Tervetuloa juhlimaan kymppisynttäreitä!&nbsp; Festivaaliviikon ohjelmassa on eri ikäisille suunnattuja työpajoja, kirjailijavieraita ja esityksiä, Nuoret kirjoittavat kaupunkia -tekstinäyttely, Kirjaviisaat-kirjatietokilpailu ja muuta hauskaa.&nbsp; Lauantaina 9.11. festivaaliviikko huipentuu Kirjalitan kymppisynttäreihin Nuorten kulttuurikeskus Monitoimitalo 13:ssa.&nbsp; Ohjelmaa on Tampereen kaupunginkirjaston pää- [&hellip;]</p>
