{"id":2738,"date":"2022-10-10T16:23:51","date_gmt":"2022-10-10T13:23:51","guid":{"rendered":"https:\/\/kirjalitta.fi\/kirjalitta\/?page_id=2738"},"modified":"2022-11-10T14:01:23","modified_gmt":"2022-11-10T12:01:23","slug":"viikon-ohjelma-2022","status":"publish","type":"page","link":"https:\/\/kirjalitta.fi\/kirjalitta\/viikon-ohjelma-2022\/","title":{"rendered":"Viikon ohjelma 2022"},"content":{"rendered":"\n<figure class=\"wp-block-image size-full\"><a href=\"https:\/\/kirjalitta.fi\/kirjalitta\/wp-content\/uploads\/2022\/08\/Kirjalitta22_fb_kuva.jpg\"><img loading=\"lazy\" decoding=\"async\" width=\"820\" height=\"360\" src=\"https:\/\/kirjalitta.fi\/kirjalitta\/wp-content\/uploads\/2022\/08\/Kirjalitta22_fb_kuva.jpg\" alt=\"Kirjalitan tunnuskuva 2022.\" class=\"wp-image-2576\" srcset=\"https:\/\/kirjalitta.fi\/kirjalitta\/wp-content\/uploads\/2022\/08\/Kirjalitta22_fb_kuva.jpg 820w, https:\/\/kirjalitta.fi\/kirjalitta\/wp-content\/uploads\/2022\/08\/Kirjalitta22_fb_kuva-300x132.jpg 300w, https:\/\/kirjalitta.fi\/kirjalitta\/wp-content\/uploads\/2022\/08\/Kirjalitta22_fb_kuva-768x337.jpg 768w\" sizes=\"auto, (max-width: 820px) 100vw, 820px\" \/><\/a><figcaption class=\"wp-element-caption\">Kuvitus: Satu Kontinen<\/figcaption><\/figure>\n\n\n\n<h1 class=\"has-text-align-center wp-block-heading\">Kirjalitta-viikon ohjelma<br>7.-13.11.2022<\/h1>\n\n\n\n<h4 class=\"wp-block-heading\">Ti 8.11.2022: Kirjalitan koululaisp\u00e4iv\u00e4 P\u00e4\u00e4kirjasto Metsossa<\/h4>\n\n\n\n<h5 class=\"wp-block-heading\">Klo 9:00-10:00<br>Kirjaviisaat-tietokilpailun finaali 5.-luokkalaisille<\/h5>\n\n\n\n<p>\ud83d\udccd P\u00e4\u00e4kirjasto Metso, Kuusi-sali<br>\ud83d\udccd Kesto 60 minuuttia<\/p>\n\n\n\n<p>Kirjaviisaat on kirjatietokilpailu tamperelaisille viidesluokkalaisille. Kilpailukysymykset pohjautuvat Pirkanmaan lukudiplomin viidennen luokan kirjoihin. Kilpailun finaalissa Kirjaviisaat-mestaruudesta kisaavat alkukarsinnan kolme parasta luokkaa kolmihenkisin joukkuein.<\/p>\n\n\n\n<p><a href=\"https:\/\/kirjalitta.fi\/kirjalitta\/kirjaviisaat\/\" data-type=\"URL\" data-id=\"https:\/\/kirjalitta.fi\/kirjalitta\/kirjaviisaat\/\">Lue lis\u00e4\u00e4 Kirjaviisaat-tietokilpailusta.<\/a><\/p>\n\n\n\n<h5 class=\"wp-block-heading\">Klo 10:00-11:00<br>Metso Studion kirjailijavieraana Miina Supinen ja Anni Nyk\u00e4nen<\/h5>\n\n\n\n<p>\ud83d\udccd P\u00e4\u00e4kirjasto Metso, Lehmus-sali (vain etuk\u00e4teen varanneille koululuokille)<br>\ud83d\udccd Metso Studion livestream <a href=\"https:\/\/www.tampere.fi\/ajankohtaista\/tampereen-kanava\/kirjaston-videoita-ja-striimeja\" data-type=\"URL\" data-id=\"https:\/\/www.tampere.fi\/ajankohtaista\/tampereen-kanava\/kirjaston-videoita-ja-striimeja\" target=\"_blank\" rel=\"noreferrer noopener\">Tampereen kanavalla<\/a><\/p>\n\n\n\n<p>Kirjailija, k\u00e4sikirjoittaja <strong>Miina Supinen<\/strong> ja kuvittaja, sarjakuvataiteilija <strong>Anni Nyk\u00e4nen<\/strong> ovat energinen tekij\u00e4kaksikko, joiden vauhdikkaat ja humoristiset <em>Kokkiklubi <\/em>ja <em>Rosmariini <\/em>-sarjat ovat nousseet erityisesti alakoululaisten suosikkilukemiseksi.<\/p>\n\n\n\n<h5 class=\"wp-block-heading\">Klo 9:15-13:00<br>Sanataideyhdistys Y\u00f6st\u00e4j\u00e4n fantasiaty\u00f6pajat 6.-luokkalaisille<\/h5>\n\n\n\n<p>\ud83d\udccd P\u00e4\u00e4kirjasto Metso, Satuhuone (ty\u00f6pajapaikat on suunnattu p\u00e4\u00e4kirjaston vastuukouluille*)<\/p>\n\n\n\n<p>Fantasia mahdollistaa mit\u00e4 kummallisimpia ymp\u00e4rist\u00f6j\u00e4 ja olentoja, mutta niill\u00e4kin on omat s\u00e4\u00e4nt\u00f6ns\u00e4. Mink\u00e4laiset ovat sinun fantasiamaailmasi perustuslait? Pajassa rakennetaan yhteinen fantasiamaailma ja kirjoitetaan siihen liittyvi\u00e4 tekstej\u00e4. Varoitus: t\u00e4ss\u00e4 pajassa vastaan saattaa tulla ennenn\u00e4kem\u00e4tt\u00f6mi\u00e4 otuksia!<\/p>\n\n\n\n<p class=\"has-small-font-size\">Luokat on valittu ilmoittautumisj\u00e4rjestyksess\u00e4.*<\/p>\n\n\n\n<h4 class=\"wp-block-heading\">Keskiviikko 9.11.<\/h4>\n\n\n\n<h5 class=\"wp-block-heading\">Klo 10:00<br>Metso Studion kirjailijavieraana Magdalena Hai<\/h5>\n\n\n\n<p>\ud83d\udccd Koivistonkyl\u00e4n koulun liikuntasali (vain etuk\u00e4teen varanneille koululuokille)<br>\ud83d\udccd Metso Studion livestream <a href=\"https:\/\/www.tampere.fi\/ajankohtaista\/tampereen-kanava\/kirjaston-videoita-ja-striimeja\" data-type=\"URL\" data-id=\"https:\/\/www.tampere.fi\/ajankohtaista\/tampereen-kanava\/kirjaston-videoita-ja-striimeja\" target=\"_blank\" rel=\"noreferrer noopener\">Tampereen kanavalla<\/a><\/p>\n\n\n\n<p><strong>Magdalena Hai<\/strong> on tuottelias, monipuolinen ja palkittu lasten- ja nuortenkirjailija. T\u00e4ll\u00e4 hetkell\u00e4 Hai kirjoittaa suosittua <em>Painajaispuoti <\/em>-sarjaa lukemaan opetteleville sek\u00e4 <em>Royaumen aikakirjat <\/em>-fantasiasarjaa nuorille ja nuorille aikuisille.<\/p>\n\n\n\n<h5 class=\"wp-block-heading\">Klo 18:00-20:00<br>ILTASADUN AIKA! Iltasatutapahtuma koko perheelle Lastenkulttuurikeskus Rullassa<\/h5>\n\n\n\n<p>\ud83d\udccd Lastenkulttuurikeskus Rulla, Kulttuuritalo Laikku, Keskustori 4<\/p>\n\n\n\n<p>Kirjalitan suosittu Iltasadun aika -tapahtuma on t\u00e4\u00e4ll\u00e4 taas! Iltasatutapahtuman ohjelmassa on loruja, tarinoita, kirjavinkkej\u00e4, musiikkia ja askartelua. Illan kunniavieraina esiintyy lastenkirjailija ja -runoilija Leena Ravantti sek\u00e4 s\u00e4velt\u00e4j\u00e4 Soili Perki\u00f6. Ilta alkaa Leena Ravantin kirjailijavierailulla, jonka j\u00e4lkeen MLL:n Koko maailman tarinateltassa voi p\u00e4\u00e4st\u00e4 kuulemaan eri kielisi\u00e4 satuja. Lis\u00e4ksi Sanataideyhdistys Y\u00f6st\u00e4j\u00e4n ty\u00f6pajapisteess\u00e4 voit askarrella omia lorukortteja. Ilta p\u00e4\u00e4ttyy Soili Perki\u00f6n konserttiin, jossa Perki\u00f6 esitt\u00e4\u00e4 Hannelen Huovin runoihin s\u00e4velt\u00e4mi\u00e4\u00e4n lauluja. Tarjolla on pient\u00e4 iltapalaa. Tervetuloa saapumaan my\u00f6s y\u00f6puvussa!<br><br>Tapahtumaan on ennakkoilmoittautuminen. Ilmoittautuminen alkaa 25.10. Lastenkulttuurikeskus Rullan nettisivuilla. Tapahtumaa suositellaan ensisijaisesti 4\u201310-vuotiaille. Peruthan osallistumisesi, jos et jostain syyst\u00e4 p\u00e4\u00e4sek\u00e4\u00e4n paikalle.<\/p>\n\n\n\n<p><a href=\"https:\/\/vello.fi\/tampereenkaupunki-museoidenajanvaraus\/lastenkulttuurikeskus-rulla\" data-type=\"URL\" data-id=\"https:\/\/vello.fi\/tampereenkaupunki-museoidenajanvaraus\/lastenkulttuurikeskus-rulla\" target=\"_blank\" rel=\"noreferrer noopener\">Ilmoittaudu t\u00e4st\u00e4 linkist\u00e4.<\/a><\/p>\n\n\n\n<h4 class=\"wp-block-heading\">To 10.11.2022<\/h4>\n\n\n\n<h5 class=\"wp-block-heading\">Klo 10:00<br>Metso Studion kirjailijavieraana Anu Holopainen<\/h5>\n\n\n\n<p>\ud83d\udccd Tesoman kirjasto, Lysti-sali (vain etuk\u00e4teen varanneille koululuokille)<br>\ud83d\udccd Metso Studion livestream <a href=\"https:\/\/www.tampere.fi\/ajankohtaista\/tampereen-kanava\/kirjaston-videoita-ja-striimeja\" data-type=\"URL\" data-id=\"https:\/\/www.tampere.fi\/ajankohtaista\/tampereen-kanava\/kirjaston-videoita-ja-striimeja\" target=\"_blank\" rel=\"noreferrer noopener\">Tampereen kanavalla<\/a><\/p>\n\n\n\n<p>Helsinkil\u00e4inen lasten- ja nuortenkirjailija <strong>Anu Holopainen<\/strong> on kirjoittanut yli 20 romaania sek\u00e4 novelleja lapsille, nuorille ja aikuisille. H\u00e4n kirjoittaa mm. fiktiota ja tieteiskirjallisuutta. Holopaisen dystopiaromaani <em>Molemmin jaloin <\/em>(Karisto 2006) oli Finlandia Junior -ehdokas, ja viimeisint\u00e4 tuotantoa ovat lapsille suunnattu <em>IIK!<\/em>-kauhukirjasarja (Myllylahti, 2019-) sek\u00e4 pakko-oireisesta ahdistuneisuush\u00e4iri\u00f6st\u00e4 kertova nuortenromaani <em>Filigraanitytt\u00f6 <\/em>(Karisto, 2021).<\/p>\n\n\n\n<h5 class=\"wp-block-heading\">Klo 17:00-18:30<br>Sanataidekoulun nuortenilta<\/h5>\n\n\n\n<p>\ud83d\udccd Nuorten kulttuurikeskus Monitoimitalo 13, Stenvall-sali<\/p>\n\n\n\n<p>Tervetuloa sanataidekoulun kaikille avoimeen nuorten iltaan! Illan aloittaa klo 17.00-17.30 WSOY:n lasten- ja nuortenkirjallisuuden kustantaja<strong> Paula Halkola<\/strong>, joka kertoo omasta ty\u00f6st\u00e4\u00e4n. Klo 17.30-18.30 esiintyy palkittu nuortenkirjailija <strong>Salla Simukka<\/strong>. Yhteisty\u00f6ss\u00e4 Tampereen seudun ty\u00f6v\u00e4enopiston Lasten ja nuorten sanataidekoulu.<\/p>\n\n\n\n<h4 class=\"wp-block-heading\">Perjantai 11.11.2022<\/h4>\n\n\n\n<h5 class=\"wp-block-heading\">Klo 10:00<br>Metso Studion kirjailijavieraana Jukka-Pekka Palviainen<\/h5>\n\n\n\n<p>\ud83d\udccd Kaukaj\u00e4rven kirjasto (vain etuk\u00e4teen varanneille koululuokille)<br>\ud83d\udccd Metso Studion livestream <a href=\"https:\/\/www.tampere.fi\/ajankohtaista\/tampereen-kanava\/kirjaston-videoita-ja-striimeja\" data-type=\"URL\" data-id=\"https:\/\/www.tampere.fi\/ajankohtaista\/tampereen-kanava\/kirjaston-videoita-ja-striimeja\" target=\"_blank\" rel=\"noreferrer noopener\">Tampereen kanavalla<\/a><\/p>\n\n\n\n<p><strong>Jukka-Pekka Palviainen <\/strong>on sastamalalainen kirjailija ja alun perin kotoisin Raumalta. H\u00e4n on kirjoittanut mm. <em>R\u00e4m\u00e4p\u00e4\u00e4t<\/em>&#8211; sek\u00e4 <em>Allu <\/em>-kirjasarjat, ja kaikkiaan noin kolmekymment\u00e4 teosta aikuisille, nuorille ja lapsille. Niit\u00e4 kaikkia yhdist\u00e4\u00e4 se, ett\u00e4 vakaviakin aiheita h\u00f6ystet\u00e4\u00e4n huumorilla.<\/p>\n\n\n\n<h5 class=\"wp-block-heading\">Klo 13:00-14:00<br>Roosalupin kirjailijavieraana Annukka Salama ja Elina Pitk\u00e4kangas<\/h5>\n\n\n\n<p>\ud83d\udccd P\u00e4\u00e4kirjasto Metso, Lehmus-sali<\/p>\n\n\n\n<p>Pirkkalaiskirjailijoiden perinteikk\u00e4\u00e4t Roosalupi-kirjallisuuskeskustelut nuortuvat! Nuorten haastattelussa Kirjalitta-viikolla nuortenkirjailijat<strong> Elina Pitk\u00e4kangas <\/strong>ja <strong>Annukka Salama<\/strong>. Tapahtuman juontaa <strong>Taru Kumara-Moisio<\/strong>. Annukka Salamalta on ilmestynyt alkuvuonna nuortenkirja <em>Ripley<\/em>: nopea yhteys, jossa k\u00e4sitell\u00e4\u00e4n nettiyst\u00e4vyytt\u00e4, koodaamista ja hakkerointia. Elina Pitk\u00e4kankaalta ilmestyi syyskuussa 2022 romaani <em>Sang <\/em>kertoo vallasta ja rakkaudesta kuvitteellisessa tulevaisuuden It\u00e4-Aasiassa.<\/p>\n\n\n\n<h4 class=\"wp-block-heading\">Lauantai 12.11.2022<\/h4>\n\n\n\n<h5 class=\"wp-block-heading\">Klo 11:00-15:00<br>P\u00e4\u00e4tapahtuma: Kirjalitan ty\u00f6pajap\u00e4iv\u00e4<\/h5>\n\n\n\n<p>\ud83d\udccd Nuorten kulttuurikeskus Monitoimitalo 13, Pellavatehtaankatu 4<\/p>\n\n\n\n<p>Kirjalitta huipentuu ty\u00f6pajap\u00e4iv\u00e4\u00e4n nuorten kulttuurikeskus Monitoimitalo 13:ssa lauantaina 12.11. klo 11.00-15.00. P\u00e4iv\u00e4n aikana todelliset ja mielikuvitusmaailmat viev\u00e4t sinut pohtimaan maailmankaikkeutta, fantasiamaailmoja, maapallon rakennetta ja ihmismielt\u00e4. P\u00e4\u00e4set her\u00e4ttelem\u00e4\u00e4n luontoa eloon yhdess\u00e4 nukketeatteriryhm\u00e4 <strong>Taiga-Maton<\/strong> kanssa, kurkistamaan alamaailmoihin nettipoliisin <strong>Konstaapeli Danielin <\/strong>ja kirjailija <strong>Jari M\u00e4kip\u00e4\u00e4n<\/strong> kanssa sek\u00e4 l\u00e4htem\u00e4\u00e4n tutkimusmatkalle avaruuteen kirjailija <strong>Tero Hiekkalinnan<\/strong> johdolla.<br><br>Lis\u00e4ksi sinulla on mahdollisuus osallistua Lumotun Tampereen kartaston luomiseen kirjailija <strong>Laura Ertimon<\/strong> ja kuvittaja <strong>Satu Kontisen <\/strong>ty\u00f6pajassa, her\u00e4tell\u00e4 mielikuvitusta Sanataideyhdistys Y\u00f6st\u00e4j\u00e4n Mahdollisten maailmojen matkatoimistossa, tutkia maapallon rakennetta tiedekeskus <strong>Tiedekan <\/strong>ty\u00f6pajassa ja rakentaa tulevaisuuden soittimia Monarin ty\u00f6pajassa. Paikalla on my\u00f6s<strong> Akateemisen kirjakaupan<\/strong> pop-up -myym\u00e4l\u00e4 sek\u00e4 kirjastoauto <strong>Kosmos<\/strong>, josta voi lainata eri maailmoja avaavia teoksia my\u00f6s kotiin mukaan.<br><br><a href=\"https:\/\/kirjalitta.fi\/kirjalitta\/maailma-kynassa--tyopajapaiva\" data-type=\"URL\" data-id=\"https:\/\/kirjalitta.fi\/kirjalitta\/maailma-kynassa--tyopajapaiva\">Tutustu ty\u00f6pajap\u00e4iv\u00e4n aikatauluun t\u00e4\u00e4lt\u00e4.<\/a><\/p>\n\n\n\n<h4 class=\"wp-block-heading\">Koko viikon kest\u00e4v\u00e4t tapahtumat ja n\u00e4yttelyt<\/h4>\n\n\n\n<h5 class=\"wp-block-heading\">Nuoret kirjoittavat kaupunkia -n\u00e4yttely 7.-13.11.2022<\/h5>\n\n\n\n<p>Sanataideyhdistys Y\u00f6st\u00e4j\u00e4 on koonnut 8\u201318-vuotiaiden sanataideoppilaiden teksteist\u00e4 n\u00e4yttelyn, jonka teemana on t\u00e4n\u00e4 vuonna \u201dMahdollisten maailmojen matkatoimisto\u201d. Nuoret kirjoittavat kaupunkia -n\u00e4yttely nostaa vuosittain esiin lasten ja nuorten tekijyytt\u00e4 ja sanataideharrastusta sek\u00e4 el\u00e4v\u00f6itt\u00e4\u00e4 kaupunkitilaa.<\/p>\n\n\n\n<p>N\u00e4yttelyn tekstej\u00e4 l\u00f6yd\u00e4t t\u00e4n\u00e4 vuonna ainakin Patosillalta, Pikku Kakkosen puistosta, Tammerin puistosta, Kehr\u00e4saaren sillalta, Koskikeskuksesta sek\u00e4 Akateemisen kirjakaupan tiloista.<\/p>\n\n\n\n<p>N\u00e4yttely koostuu Tampereen seudun ty\u00f6v\u00e4enopiston lasten ja nuorten sanataidekoulun oppilaiden teksteist\u00e4. N\u00e4yttelyss\u00e4 ovat mukana sanataideryhm\u00e4t Sihin\u00e4 (8\u201310-vuotiaat), Rapina (10\u201313-vuotiaat), Supina (13\u201315-vuotiaat) ja Kuiske (15\u201318-vuotiaat).<\/p>\n\n\n\n<p>Kaikkiin ulkotilojen n\u00e4yttelykiinnityksiin on Tampereen kaupungin lupa.<\/p>\n\n\n\n<h5 class=\"wp-block-heading\">Yksin\u00e4isten postitoimisto -tekstin\u00e4yttely 7.-20.11.2022<\/h5>\n\n\n\n<p>Yksin\u00e4isten postitoimisto -n\u00e4yttely koostuu tamperelaisille kuudesluokkalaisille j\u00e4rjestetyn Yksin\u00e4isten postitoimisto -kirjoituskilpailun voittajateksteist\u00e4.<\/p>\n\n\n\n<p>Voittajateksteist\u00e4 tehdyt julisteet ovat esill\u00e4 Tampereen keskusta-alueella olevissa JCDecaux\u2019n Abribus-mainostauluissa 7.-20.11.2022.<\/p>\n\n\n\n<p>Tekstit ovat esill\u00e4 my\u00f6s Maailma kyn\u00e4ss\u00e4 -ty\u00f6pajap\u00e4iv\u00e4ss\u00e4 Monitoimitalo 13:ssa (4 krs.). Lis\u00e4ksi tekstit julkaistaan Kirjalitan nettisivuilla 7.11.2022. <\/p>\n\n\n\n<h5 class=\"wp-block-heading\">Sanojen saaret -sanataiden\u00e4yttely 8.11-16.11.2022<\/h5>\n\n\n\n<p>\ud83d\udccd Ty\u00f6v\u00e4enmuseo Werstas, 2 krs.<\/p>\n\n\n\n<p>Sanojen saaret sanataiden\u00e4yttely on alakouluik\u00e4isille sek\u00e4 perheen kanssa my\u00f6s nuoremmille suunnattu toiminnallinen sanataiden\u00e4yttely, joka kannustaa kokeilemaan, tarinoimaan ja k\u00e4ytt\u00e4m\u00e4\u00e4n omaa mielikuvitusta. N\u00e4yttelyss\u00e4 saa koskea esineisiin, ja siell\u00e4 saa my\u00f6s lukea, kirjoittaa, kertoa ja esitt\u00e4\u00e4. Keskeisen\u00e4 ideana on tarjota mahdollisuus kirjallisuuden ja sanataiteen erilaisiin tekstityyppeihin tutkivalla, vuorovaikutteisella otteella, itse tekem\u00e4ll\u00e4. Iloa! <br><br>Sanojen saaret-n\u00e4yttely on yksi Operaatio Pirkanmaan syksyn Kulttuuritempauksista. N\u00e4yttely pit\u00e4\u00e4 sis\u00e4ll\u00e4\u00e4n niin kouluille suunnattuja ty\u00f6pajoja kuin yleis\u00f6lle avoimia toiminnallisia ty\u00f6pajoja, jotka j\u00e4rjestet\u00e4\u00e4n festivaaliviikon viikonloppuna 11.-13.11. N\u00e4yttely on avoinna yleis\u00f6lle:<br><br>\ud83d\udccd pe 11.11. klo 16-18<br>\ud83d\udccd la 12.11. klo 11-18<br>\ud83d\udccd su 13.11. klo 11-18<\/p>\n","protected":false},"excerpt":{"rendered":"<p>Kirjalitta-viikon ohjelma7.-13.11.2022 Ti 8.11.2022: Kirjalitan koululaisp\u00e4iv\u00e4 P\u00e4\u00e4kirjasto Metsossa Klo 9:00-10:00Kirjaviisaat-tietokilpailun finaali 5.-luokkalaisille \ud83d\udccd P\u00e4\u00e4kirjasto Metso, Kuusi-sali\ud83d\udccd Kesto 60 minuuttia Kirjaviisaat on kirjatietokilpailu tamperelaisille viidesluokkalaisille. Kilpailukysymykset pohjautuvat Pirkanmaan lukudiplomin viidennen luokan kirjoihin. Kilpailun finaalissa Kirjaviisaat-mestaruudesta kisaavat alkukarsinnan kolme parasta luokkaa kolmihenkisin joukkuein. Lue lis\u00e4\u00e4 Kirjaviisaat-tietokilpailusta. Klo 10:00-11:00Metso Studion kirjailijavieraana Miina Supinen [&hellip;]<\/p>\n","protected":false},"author":3,"featured_media":0,"parent":0,"menu_order":0,"comment_status":"closed","ping_status":"closed","template":"","meta":{"_themeisle_gutenberg_block_has_review":false,"footnotes":""},"class_list":["post-2738","page","type-page","status-publish","hentry"],"_links":{"self":[{"href":"https:\/\/kirjalitta.fi\/kirjalitta\/wp-json\/wp\/v2\/pages\/2738","targetHints":{"allow":["GET"]}}],"collection":[{"href":"https:\/\/kirjalitta.fi\/kirjalitta\/wp-json\/wp\/v2\/pages"}],"about":[{"href":"https:\/\/kirjalitta.fi\/kirjalitta\/wp-json\/wp\/v2\/types\/page"}],"author":[{"embeddable":true,"href":"https:\/\/kirjalitta.fi\/kirjalitta\/wp-json\/wp\/v2\/users\/3"}],"replies":[{"embeddable":true,"href":"https:\/\/kirjalitta.fi\/kirjalitta\/wp-json\/wp\/v2\/comments?post=2738"}],"version-history":[{"count":25,"href":"https:\/\/kirjalitta.fi\/kirjalitta\/wp-json\/wp\/v2\/pages\/2738\/revisions"}],"predecessor-version":[{"id":2951,"href":"https:\/\/kirjalitta.fi\/kirjalitta\/wp-json\/wp\/v2\/pages\/2738\/revisions\/2951"}],"wp:attachment":[{"href":"https:\/\/kirjalitta.fi\/kirjalitta\/wp-json\/wp\/v2\/media?parent=2738"}],"curies":[{"name":"wp","href":"https:\/\/api.w.org\/{rel}","templated":true}]}}