{"id":1958,"date":"2021-08-25T10:54:19","date_gmt":"2021-08-25T07:54:19","guid":{"rendered":"http:\/\/kirjalitta.fi\/?page_id=1958"},"modified":"2021-10-20T14:28:15","modified_gmt":"2021-10-20T11:28:15","slug":"kirjalitta-2021-kummia-juttuja","status":"publish","type":"page","link":"https:\/\/kirjalitta.fi\/kirjalitta\/kirjalitta-2021-kummia-juttuja\/","title":{"rendered":"Kirjalitta 2021: Kummia juttuja"},"content":{"rendered":"\n<figure class=\"wp-block-image size-large\"><img loading=\"lazy\" decoding=\"async\" width=\"820\" height=\"360\" src=\"https:\/\/kirjalitta.fi\/kirjalitta\/wp-content\/uploads\/2021\/08\/kirjalitta21_facebook_A.jpg\" alt=\"Kirjalitan teemakuva.\" class=\"wp-image-1961\" srcset=\"https:\/\/kirjalitta.fi\/kirjalitta\/wp-content\/uploads\/2021\/08\/kirjalitta21_facebook_A.jpg 820w, https:\/\/kirjalitta.fi\/kirjalitta\/wp-content\/uploads\/2021\/08\/kirjalitta21_facebook_A-300x132.jpg 300w, https:\/\/kirjalitta.fi\/kirjalitta\/wp-content\/uploads\/2021\/08\/kirjalitta21_facebook_A-768x337.jpg 768w\" sizes=\"auto, (max-width: 820px) 100vw, 820px\" \/><figcaption>Kuva: Jani Ikonen, 2021.<\/figcaption><\/figure>\n\n\n\n<p>Kirjalittaa vietet\u00e4\u00e4n seitsem\u00e4tt\u00e4 kertaa Tampereella ja verkossa 8.-14.11.2021 teemalla Kummia juttuja! Festivaaliviikkoon kuuluu kaikenlaista outoa, ihmeellist\u00e4 ja kummallista. Ohjelmassa on ty\u00f6pajoja, kirjailijavieraita, Nuoret kirjoittavat kaupunkia -tekstin\u00e4yttely, Kirjaviisaat\u2013kirjatietokilpailu ja paljon muuta.<\/p>\n\n\n\n<p><a href=\"https:\/\/kirjalitta.fi\/ohjelma2021\/\">Tutustu festivaaliviikon ohjelmaan.<\/a><\/p>\n\n\n\n<p>Osallistujille tarjotaan mahdollisuus hyp\u00e4t\u00e4 kirjojen ja kummien juttujen maailmaan turvallisesti. Seuraamme koronatilannetta ja siihen liittyvi\u00e4 ohjeistuksia tarkasti.<\/p>\n\n\n\n<p>Kirjalittaa voi seurata my\u00f6s somessa tunnisteilla #kirjalitta #kirjalitta2021 ja #kummiajuttuja.<\/p>\n","protected":false},"excerpt":{"rendered":"<p>Kirjalittaa vietet\u00e4\u00e4n seitsem\u00e4tt\u00e4 kertaa Tampereella ja verkossa 8.-14.11.2021 teemalla Kummia juttuja! Festivaaliviikkoon kuuluu kaikenlaista outoa, ihmeellist\u00e4 ja kummallista. Ohjelmassa on ty\u00f6pajoja, kirjailijavieraita, Nuoret kirjoittavat kaupunkia -tekstin\u00e4yttely, Kirjaviisaat\u2013kirjatietokilpailu ja paljon muuta. Tutustu festivaaliviikon ohjelmaan. Osallistujille tarjotaan mahdollisuus hyp\u00e4t\u00e4 kirjojen ja kummien juttujen maailmaan turvallisesti. Seuraamme koronatilannetta ja siihen liittyvi\u00e4 ohjeistuksia tarkasti. [&hellip;]<\/p>\n","protected":false},"author":1,"featured_media":0,"parent":0,"menu_order":0,"comment_status":"closed","ping_status":"closed","template":"","meta":{"_themeisle_gutenberg_block_has_review":false,"footnotes":""},"class_list":["post-1958","page","type-page","status-publish","hentry"],"_links":{"self":[{"href":"https:\/\/kirjalitta.fi\/kirjalitta\/wp-json\/wp\/v2\/pages\/1958","targetHints":{"allow":["GET"]}}],"collection":[{"href":"https:\/\/kirjalitta.fi\/kirjalitta\/wp-json\/wp\/v2\/pages"}],"about":[{"href":"https:\/\/kirjalitta.fi\/kirjalitta\/wp-json\/wp\/v2\/types\/page"}],"author":[{"embeddable":true,"href":"https:\/\/kirjalitta.fi\/kirjalitta\/wp-json\/wp\/v2\/users\/1"}],"replies":[{"embeddable":true,"href":"https:\/\/kirjalitta.fi\/kirjalitta\/wp-json\/wp\/v2\/comments?post=1958"}],"version-history":[{"count":4,"href":"https:\/\/kirjalitta.fi\/kirjalitta\/wp-json\/wp\/v2\/pages\/1958\/revisions"}],"predecessor-version":[{"id":2358,"href":"https:\/\/kirjalitta.fi\/kirjalitta\/wp-json\/wp\/v2\/pages\/1958\/revisions\/2358"}],"wp:attachment":[{"href":"https:\/\/kirjalitta.fi\/kirjalitta\/wp-json\/wp\/v2\/media?parent=1958"}],"curies":[{"name":"wp","href":"https:\/\/api.w.org\/{rel}","templated":true}]}}

<figure class="wp-block-image size-large"><img loading="lazy" decoding="async" width="820" height="360" src="https://kirjalitta.fi/kirjalitta/wp-content/uploads/2021/08/kirjalitta21_facebook_A.jpg" alt="Kirjalitan teemakuva." class="wp-image-1961" srcset="https://kirjalitta.fi/kirjalitta/wp-content/uploads/2021/08/kirjalitta21_facebook_A.jpg 820w, https://kirjalitta.fi/kirjalitta/wp-content/uploads/2021/08/kirjalitta21_facebook_A-300x132.jpg 300w, https://kirjalitta.fi/kirjalitta/wp-content/uploads/2021/08/kirjalitta21_facebook_A-768x337.jpg 768w" sizes="auto, (max-width: 820px) 100vw, 820px" /><figcaption>Kuva: Jani Ikonen, 2021.</figcaption></figure>



<p>Kirjalittaa vietetään seitsemättä kertaa Tampereella ja verkossa 8.-14.11.2021 teemalla Kummia juttuja! Festivaaliviikkoon kuuluu kaikenlaista outoa, ihmeellistä ja kummallista. Ohjelmassa on työpajoja, kirjailijavieraita, Nuoret kirjoittavat kaupunkia -tekstinäyttely, Kirjaviisaat–kirjatietokilpailu ja paljon muuta.</p>



<p><a href="https://kirjalitta.fi/ohjelma2021/">Tutustu festivaaliviikon ohjelmaan.</a></p>



<p>Osallistujille tarjotaan mahdollisuus hypätä kirjojen ja kummien juttujen maailmaan turvallisesti. Seuraamme koronatilannetta ja siihen liittyviä ohjeistuksia tarkasti.</p>



<p>Kirjalittaa voi seurata myös somessa tunnisteilla #kirjalitta #kirjalitta2021 ja #kummiajuttuja.</p>

<p>Kirjalittaa vietetään seitsemättä kertaa Tampereella ja verkossa 8.-14.11.2021 teemalla Kummia juttuja! Festivaaliviikkoon kuuluu kaikenlaista outoa, ihmeellistä ja kummallista. Ohjelmassa on työpajoja, kirjailijavieraita, Nuoret kirjoittavat kaupunkia -tekstinäyttely, Kirjaviisaat–kirjatietokilpailu ja paljon muuta. Tutustu festivaaliviikon ohjelmaan. Osallistujille tarjotaan mahdollisuus hypätä kirjojen ja kummien juttujen maailmaan turvallisesti. Seuraamme koronatilannetta ja siihen liittyviä ohjeistuksia tarkasti. [&hellip;]</p>
