{"id":1660,"date":"2019-10-09T15:56:13","date_gmt":"2019-10-09T12:56:13","guid":{"rendered":"http:\/\/kirjalitta.fi\/?page_id=1660"},"modified":"2019-11-06T09:56:29","modified_gmt":"2019-11-06T07:56:29","slug":"kirjalitta-2019-kirjalitta-liikuttaa","status":"publish","type":"page","link":"https:\/\/kirjalitta.fi\/kirjalitta\/kirjalitta-2019-kirjalitta-liikuttaa\/","title":{"rendered":"Kirjalitta 2019: Kirjalitta liikuttaa!"},"content":{"rendered":"<p><img loading=\"lazy\" decoding=\"async\" class=\"alignnone size-large wp-image-1648\" alt=\"\" src=\"https:\/\/kirjalitta.fi\/kirjalitta\/wp-content\/uploads\/2019\/10\/1kirjalitta_banneri19-1024x576.jpg\" width=\"750\" height=\"422\" srcset=\"https:\/\/kirjalitta.fi\/kirjalitta\/wp-content\/uploads\/2019\/10\/1kirjalitta_banneri19-1024x576.jpg 1024w, https:\/\/kirjalitta.fi\/kirjalitta\/wp-content\/uploads\/2019\/10\/1kirjalitta_banneri19-300x169.jpg 300w, https:\/\/kirjalitta.fi\/kirjalitta\/wp-content\/uploads\/2019\/10\/1kirjalitta_banneri19-768x432.jpg 768w, https:\/\/kirjalitta.fi\/kirjalitta\/wp-content\/uploads\/2019\/10\/1kirjalitta_banneri19.jpg 1920w\" sizes=\"auto, (max-width: 750px) 100vw, 750px\" \/><\/p>\n<p>Kirjalitta j\u00e4rjestet\u00e4\u00e4n t\u00e4n\u00e4 vuonna viidett\u00e4 kertaa. Teemana on t\u00e4ll\u00e4 kertaa Kirjalitta liikuttaa!<\/p>\n<p>Kirjalitta levitt\u00e4ytyy 4.-10.11.2019 v\u00e4lisen\u00e4 aikana ymp\u00e4ri kaupungin katukuvaa ja kulttuurikeskuksia. Lastenkirjallisuuteen ja sanataiteeseen liittyv\u00e4\u00e4 ohjelmaa j\u00e4rjestet\u00e4\u00e4n muun muassa Tampereen kirjastoissa, Kulttuuritalo Laikussa ja Lastenkulttuurikeskus Rullassa. Festivaaliviikon ohjelma rakentuu eri ik\u00e4isille suunnatuista ty\u00f6pajoista, esityksist\u00e4, n\u00e4yttelyist\u00e4 ja kirjailijavierailuista.<\/p>\n<p>Nuoret kirjoittavat kaupunkia -sanataiden\u00e4yttely valtaa kaupungin.<\/p>\n<p>Kirjalittaa voi seurata my\u00f6s somessa tunnisteilla #kirjalitta ja #kirjalittaliikuttaa.<\/p>\n<p><strong>Kirjalitta-viikon ohjelma<\/strong><\/p>\n<p><strong>4.-10.11. Nuoret kirjoittavat kaupunkia -tekstin\u00e4yttely: <\/strong><strong>Kirjalitta liikuttaa!<\/strong><\/p>\n<p>Sanataideyhdistys Y\u00f6st\u00e4j\u00e4 on koonnut 8\u201318 -vuotiaiden sanataideoppilaiden teksteist\u00e4 n\u00e4yttelyn, jonka teemana on t\u00e4n\u00e4 vuonna \u201dKirjalitta liikuttaa!\u201d. Nuoret kirjoittavat kaupunkia -n\u00e4yttely nostaa vuosittain esiin lasten ja nuorten tekijyytt\u00e4 ja sanataideharrastusta sek\u00e4 el\u00e4v\u00f6itt\u00e4\u00e4 kaupunkitilaa.<\/p>\n<p>Nuoret kirjoittavat kaupunkia \u2013n\u00e4yttelyn sijainnit:<\/p>\n<p>1. Patosilta: urheilullisia oodeja<\/p>\n<p>2. Pispalan portaat: eri olentojen kuntoiluohjeita<\/p>\n<p>3. Pikku Kakkosen puisto: kuvitteellisia urheilu-uutisia<\/p>\n<p>4. Sorsapuisto: uusia urheilulajeja<\/p>\n<p>5. Kuntokolmonen, Kaupin urheilupuisto: urheilullisia tyyppej\u00e4<\/p>\n<p>6. Tampereen uintikeskus: vesiaiheisia tekstej\u00e4<\/p>\n<p>7. N\u00e4\u00e4shalli: uutuuskirjoja urheilun maailmasta<\/p>\n<p>N\u00e4yttely koostuu Tampereen seudun ty\u00f6v\u00e4enopiston lasten ja nuorten sanataidekoulun oppilaiden teksteist\u00e4. N\u00e4yttelyss\u00e4 ovat mukana sanataideryhm\u00e4t Rapina (9-11-vuotiaat), Sihin\u00e4 (9-11-vuotiaat), (Supina 12-14-vuotiaat) ja Kuiske (15-17-vuotiaat).<\/p>\n<p>Kaikkiin n\u00e4yttelykiinnityksiin on Tampereen kaupungin lupa (lupa nro 35062\/2019).<\/p>\n<p><strong>Ma 4.11.<\/strong><\/p>\n<p><strong>Tesoman kirjasto klo 10: Kirjailijavieraana lastenkirjailija Tapani Bagge <\/strong><\/p>\n<p>Kirjailija Tapani Bagge vierailee Tesoman kirjastossa kertomassa ty\u00f6st\u00e4\u00e4n ja teoksistaan. Bagge on tullut tunnetuksi monipuolisena, tuotteliaana ja arvostettuna kirjailijana. Tilaisuuden j\u00e4rjest\u00e4\u00e4 Tampereen kaupunginkirjasto.<\/p>\n<p><strong>Ti 5.11.2019 <\/strong><\/p>\n<p><strong>Lastenkulttuurikeskus Rulla klo 17: Kirjailijavieraana Siri Kolu<\/strong><\/p>\n<p>Tule mukaan sanataidetreeneihin lastenkirjailija Siri Kolun kanssa! Siri esittelee Sanna Pelliccionin kanssa tuottamaansa Lue minut -n\u00e4yttely\u00e4 ja kertoo, kuinka omaa mielikuvitusta voi treenata. Kesto 45 min. Yhteisty\u00f6ss\u00e4 Tampereen ty\u00f6v\u00e4enopiston Lasten ja nuorten sanataidekoulun kanssa.<\/p>\n<p>Lue minut -n\u00e4yttely on esill\u00e4 Lastenkulttuurikeskus Rullassa 12.10.\u201322.12.2019.<\/p>\n<p><strong>Kaukaj\u00e4rven kirjasto klo 10, Koilliskeskus klo 13: Kirjailijavieraana Tuula Kallioniemi<\/strong><\/p>\n<p>Kirjailija Tuula Kallioniemi vierailee Kaukaj\u00e4rven kirjastossa ja Koilliskeskuksessa kertomassa ty\u00f6st\u00e4\u00e4n ja teoksistaan. Kallioniemi tunnetaan vet\u00e4v\u00e4n\u00e4 tarinankertojana, tilannekomiikan ja verbaalihuumorin taitajana. Tilaisuuden j\u00e4rjest\u00e4\u00e4 Tampereen kaupunginkirjasto.<\/p>\n<p><strong>Ke 6.11.2019 <\/strong><\/p>\n<p><strong>Sampolan kirjasto klo 10: Kirjailijavieraana Tuutikki Tolonen <\/strong><\/p>\n<p>Kirjailija, lasten ja nuorten sanataideopettaja sek\u00e4 lasten kirjallisuuslehden toimittaja Tuutikki Tolonen vierailee Sampolan kirjastossa kertomassa ty\u00f6st\u00e4\u00e4n ja teoksistaan. Tilaisuuden j\u00e4rjest\u00e4\u00e4 Tampereen kaupunginkirjasto.<\/p>\n<p><strong>Hotelli Tammer klo 18: Pirkkalaiskirjailijat ry:n kirjallinen klubi Roosalupi goes lanu (aikuisille)<\/strong><\/p>\n<p>Pirkkalaiskirjailijat ry j\u00e4rjest\u00e4\u00e4 lasten- ja nuortenkirjallisuuden Roosalupin keskiviikkona 6.11. klo 18 Radisson Blu Grand Hotel Tammerissa. Illan kirjailijavieraina ovat Magdalena Hai, Jari M\u00e4kip\u00e4\u00e4 ja Alexandra Salmela.<\/p>\n<p>Tilaisuuden avaa Alexandra Salmela, joka kertoo lastenromaanistaan Mielikutitusyst\u00e4v\u00e4. Kirjailijahaastatteluissa Magdalena Hai ja Jari M\u00e4kip\u00e4\u00e4 keskustelevat lasten- ja nuortenkirjojen kirjoittamisesta ja tuoreimmista teoksistaan. Haita haastattelee Anni Nupponen ja M\u00e4kip\u00e4\u00e4t\u00e4 Kirsti Kuronen. Roosalupia em\u00e4nn\u00f6i Tiina Poutanen.<\/p>\n<p>Tilaisuudessa kirjailijavieraiden teoksia myy Suomalainen kirjakauppa.<\/p>\n<p><strong>To 7.11.2019<\/strong><\/p>\n<p><strong>Kirjalitan koululaisp\u00e4iv\u00e4 p\u00e4\u00e4kirjasto Metsossa<\/strong><\/p>\n<p>P\u00e4\u00e4kirjasto Metsossa j\u00e4rjestett\u00e4v\u00e4ss\u00e4 Kirjalitan koululaisp\u00e4iv\u00e4ss\u00e4 luvassa mm. viidesluokkalaisten Kirjaviisaat-tietokilpailu, sanataidepajoja ja kirjailijavieras Roope Lipasti.<\/p>\n<p>P\u00e4iv\u00e4n ohjelma:<\/p>\n<p><strong>Kuusi-sali klo 9: Kirjaviisaat\u2013kirjatietokilpailu tamperelaisille 5. luokkalaisille<\/strong><\/p>\n<p>Kirjaviisaat on tietokilpailu, joka pohjautuu Pirkanmaan lukudiplomin viidennen luokan kirjoihin. Kilpailuun osallistuneiden luokkien kolmihenkiset joukkueet kilpailevat Kirjaviisaat-mestaruudesta p\u00e4\u00e4kirjasto Metsossa Kirjalitta-festivaalin koululaisp\u00e4iv\u00e4ss\u00e4. P\u00e4\u00e4palkintona on koko luokan liikuntatunti Tampereen Superparkissa, lis\u00e4ksi palkintona on Y\u00f6st\u00e4j\u00e4n sanataidety\u00f6paja sek\u00e4 tietenkin kirjoja. Kilpailun juontaa kirjallisuuden l\u00e4\u00e4nintaiteilija, runoilija Anna Elina Isoaro.<\/p>\n<p><img loading=\"lazy\" decoding=\"async\" class=\"alignnone wp-image-1212 size-thumbnail\" alt=\"\" src=\"https:\/\/kirjalitta.fi\/kirjalitta\/wp-content\/uploads\/2018\/10\/Superpark-150x150.jpg\" width=\"150\" height=\"150\" srcset=\"https:\/\/kirjalitta.fi\/kirjalitta\/wp-content\/uploads\/2018\/10\/Superpark-150x150.jpg 150w, https:\/\/kirjalitta.fi\/kirjalitta\/wp-content\/uploads\/2018\/10\/Superpark-300x298.jpg 300w, https:\/\/kirjalitta.fi\/kirjalitta\/wp-content\/uploads\/2018\/10\/Superpark-768x764.jpg 768w, https:\/\/kirjalitta.fi\/kirjalitta\/wp-content\/uploads\/2018\/10\/Superpark.jpg 774w\" sizes=\"auto, (max-width: 150px) 100vw, 150px\" \/><\/p>\n<p><strong>Lehmus-sali klo 10: Kirjailijavieras Roope Lipasti 2. luokkalaisille<br \/>\n<\/strong><\/p>\n<p>Roope Lipasti on suosittu lastenkirjailija, toimittaja ja kolumnisti, joka on kirjoittanut useita kirjoja sek\u00e4 lapsille ett\u00e4 aikuisille. Yhteisty\u00f6ss\u00e4 Suomen Nuorisokirjailijat ry.<\/p>\n<p><strong>Lehmus-sali klo 12: Kirjailijavieras Roope Lipasti 6. luokkalaisille<\/strong><\/p>\n<p><strong>Satuhuone: Sanataideyhdistys Y\u00f6st\u00e4j\u00e4n sanataidepajoja 2., 5., ja 6. luokkalaisille<\/strong><\/p>\n<p>Tarinan t\u00e4hti on lautapelin avulla etenev\u00e4 vauhdikas, kirjallisuusaiheinen sanataidety\u00f6paja. Ty\u00f6pajan kesto on 45 min. Varaa aika luokallesi Metson lastenosastolta. Ty\u00f6paja-ajat t\u00e4ytet\u00e4\u00e4n ilmoittautumisj\u00e4rjestyksess\u00e4.<\/p>\n<p><strong>Lis\u00e4ksi Kirjastossa kummittelee suunnistuspeli!<\/strong><\/p>\n<p>Huom! Pyyd\u00e4mme ryhmi\u00e4 ilmoittamaan tulostaan etuk\u00e4teen lastenosastolle p. 040 653 1988, lapset.metso(at)tampere.fi<\/p>\n<p><strong>Pe 8.11.2019<\/strong><\/p>\n<p><strong>P\u00e4\u00e4kirjasto Metso, Lehmus-Sali klo 9.30\u201316.30: Nuortenkirja nyt! -seminaari <\/strong><\/p>\n<p>Mit\u00e4 nuortenkirjallisuudessa tapahtuu nyt meill\u00e4 ja maailmalla? Lastenkirjainstituutin seminaarissa kuullaan puheenvuoroja ajankohtaisesta nuortenkirjallisuudesta. \u00c4\u00e4neen p\u00e4\u00e4sev\u00e4t niin tutkijat, kustantajat kuin nuoret itsekin. Tutustu seminaarin ohjelmaan ja ilmoittaudu mukaan 13.10. menness\u00e4:\u00a0<a href=\"https:\/\/lastenkirjainstituutti.fi\/tapahtumat\/seminaarit\/nuortenkirja-nyt-seminaari\">https:\/\/lastenkirjainstituutti.fi\/tapahtumat\/seminaarit\/nuortenkirja-nyt-seminaari<\/a><\/p>\n<p><strong>P\u00e4\u00e4kirjasto Metso klo 13: Kirjailijavieraana Jyri Paretskoi <\/strong><\/p>\n<p>Muun muassa Shell\u2019s Angels -sarjastaan tuttu iisalmelainen kirjailija Jyri Paretskoi vierailee p\u00e4\u00e4kirjasto Metsossa kertomassa ty\u00f6st\u00e4\u00e4n ja teoksistaan.<\/p>\n<p><strong>Kulttuuritalo Laikku klo 18-20: Nuorten Open Mic<\/strong><\/p>\n<p>Nuorten Open Mic on ik\u00e4rajaton sanataideklubi, joka on suunnattu ensisijaisesti nuorille, n. 12\u201325-vuotiaille. Tule esitt\u00e4m\u00e4\u00e4n oma runosi, r\u00e4ppisi, biisisi tai lyhytproosatekstisi. Tilaisuuden j\u00e4rjest\u00e4\u00e4 ja juontaa Tampereen kaupungin kulttuuripalveluiden koordinaattori Venla Moisala, joka tunnetaan my\u00f6s lavarunoilijana ja runoaktiivina. Jos haluat lavalle, ilmoittaudu ennakkoon otsikolla \u201dILMO NUORET\u201d osoitteeseen: venlanrunoiluyhteiso(at)gmail.com. My\u00f6s paikan p\u00e4\u00e4ll\u00e4 voi ilmoittautua, mik\u00e4li tilaa viel\u00e4 riitt\u00e4\u00e4. Illan aikana esiintyneiden kesken arvotaan lahjakortti Kulttuurikahvila Laikkuun.<\/p>\n<p>Tapahtuma on ik\u00e4rajaton, esteet\u00f6n ja p\u00e4\u00e4symaksuton!<\/p>\n<p><strong>La 9.11.2019<\/strong><\/p>\n<p><strong>Kulttuuritalo Laikku &amp; Lastenkulttuurikeskus Rulla klo 10-16: Kirjalitan p\u00e4\u00e4tapahtuma<\/strong><\/p>\n<p>Kirjalitan p\u00e4\u00e4tapahtumaa vietet\u00e4\u00e4n Lastenkulttuurikeskus Rullassa ja Kulttuuritalo Laikussa lauantaina 9.11.2019 klo 10-16. Tapahtumassa s\u00e4nt\u00e4ill\u00e4\u00e4n johtolankojen per\u00e4ss\u00e4, ihastellaan Koipihumppaa, harjoitellaan supervoimarohkeutta, keksit\u00e4\u00e4n upouusia mielikuvitusurheilulajeja, jumpataan runoja, leikit\u00e4\u00e4n supersankariperheiden voimin Tarinadiscossa ja annetaan kirjojen liikuttaa! Luvassa kirjailija- ja kuvittajavieraita, ty\u00f6pajoja, esityksi\u00e4 ja muuta sanataideohjelmaa koko perheelle. Tapahtumassa vierailevat mm. kirjailija Netta Walld\u00e9n ja kuvittaja Sanna Pelliccioni. Pukeudu halutessasi kirjallisuuden henkil\u00f6ksi, paras puku palkitaan! Tutustu koko ohjelmaan <a href=\"https:\/\/kirjalitta.fi\/paatapahtuma-la-9-11-2019\/\">t\u00e4\u00e4ll\u00e4<\/a>!<\/p>\n<p><strong>P\u00e4\u00e4kirjasto Metso klo 12.00 \u2013 15.30: Peliviikko: Metso pelaa! <\/strong><\/p>\n<p>P\u00e4\u00e4kirjasto Metsossa vietet\u00e4\u00e4n kansallista pelip\u00e4iv\u00e4\u00e4 erilaisten pelien parissa. Ker\u00e4\u00e4 p\u00e4iv\u00e4n aikana leimoja pelipassiin ja osallistu palkintojen arvontaan! Tapahtuman j\u00e4rjest\u00e4\u00e4 Tampereen kaupunginkirjasto ja Pelimuseo.<\/p>\n","protected":false},"excerpt":{"rendered":"<p>Kirjalitta j\u00e4rjestet\u00e4\u00e4n t\u00e4n\u00e4 vuonna viidett\u00e4 kertaa. Teemana on t\u00e4ll\u00e4 kertaa Kirjalitta liikuttaa! Kirjalitta levitt\u00e4ytyy 4.-10.11.2019 v\u00e4lisen\u00e4 aikana ymp\u00e4ri kaupungin katukuvaa ja kulttuurikeskuksia. Lastenkirjallisuuteen ja sanataiteeseen liittyv\u00e4\u00e4 ohjelmaa j\u00e4rjestet\u00e4\u00e4n muun muassa Tampereen kirjastoissa, Kulttuuritalo Laikussa ja Lastenkulttuurikeskus Rullassa. Festivaaliviikon ohjelma rakentuu eri ik\u00e4isille suunnatuista ty\u00f6pajoista, esityksist\u00e4, n\u00e4yttelyist\u00e4 ja kirjailijavierailuista. Nuoret kirjoittavat [&hellip;]<\/p>\n","protected":false},"author":1,"featured_media":0,"parent":0,"menu_order":0,"comment_status":"closed","ping_status":"closed","template":"","meta":{"_themeisle_gutenberg_block_has_review":false,"footnotes":""},"class_list":["post-1660","page","type-page","status-publish","hentry"],"_links":{"self":[{"href":"https:\/\/kirjalitta.fi\/kirjalitta\/wp-json\/wp\/v2\/pages\/1660","targetHints":{"allow":["GET"]}}],"collection":[{"href":"https:\/\/kirjalitta.fi\/kirjalitta\/wp-json\/wp\/v2\/pages"}],"about":[{"href":"https:\/\/kirjalitta.fi\/kirjalitta\/wp-json\/wp\/v2\/types\/page"}],"author":[{"embeddable":true,"href":"https:\/\/kirjalitta.fi\/kirjalitta\/wp-json\/wp\/v2\/users\/1"}],"replies":[{"embeddable":true,"href":"https:\/\/kirjalitta.fi\/kirjalitta\/wp-json\/wp\/v2\/comments?post=1660"}],"version-history":[{"count":13,"href":"https:\/\/kirjalitta.fi\/kirjalitta\/wp-json\/wp\/v2\/pages\/1660\/revisions"}],"predecessor-version":[{"id":1696,"href":"https:\/\/kirjalitta.fi\/kirjalitta\/wp-json\/wp\/v2\/pages\/1660\/revisions\/1696"}],"wp:attachment":[{"href":"https:\/\/kirjalitta.fi\/kirjalitta\/wp-json\/wp\/v2\/media?parent=1660"}],"curies":[{"name":"wp","href":"https:\/\/api.w.org\/{rel}","templated":true}]}}