{"id":1441,"date":"2018-11-08T09:20:13","date_gmt":"2018-11-08T07:20:13","guid":{"rendered":"http:\/\/kirjalitta.fi\/?page_id=1441"},"modified":"2018-11-08T09:22:47","modified_gmt":"2018-11-08T07:22:47","slug":"isat-lukevat-lapsille","status":"publish","type":"page","link":"https:\/\/kirjalitta.fi\/kirjalitta\/isat-lukevat-lapsille\/","title":{"rendered":"Is\u00e4t lukevat lapsille"},"content":{"rendered":"<h2>Is\u00e4t lukevat lapsille<\/h2>\n<p>Kirjalitta-festivaali haastaa Vanhempainliiton valtakunnallista Kiedo meid\u00e4t tarinaan -kampanjaa mukaillen tamperelaiset is\u00e4t lukemaan lapsille joko omassa kodissa tai p\u00e4iv\u00e4kodissa.<\/p>\n<p>Is\u00e4t lukevat lapsille -kampanjan ideana on kannustaa isi\u00e4 lukemaan lapsille enemm\u00e4n, sill\u00e4 vanhemman ja erityisesti is\u00e4n \u00e4\u00e4neen lukeminen ja lukemisen malli tukevat lapsen kielellist\u00e4 ja lukutaidon kehittymist\u00e4.<\/p>\n<p><strong>P\u00e4iv\u00e4kodeille tuotettua materiaalia k\u00e4ytet\u00e4\u00e4n n\u00e4in:<\/strong><\/p>\n<p>1) Katsokaa valmiiksi sopivia lukuaikoja (n. 15 min) esimerkiksi aamupiirin yhteyteen ja merkatkaa ne ajanvarauskalenteriin.<\/p>\n<p>2) Kiinnitt\u00e4k\u00e4\u00e4 vanhemmille tarkoitetut ohjeet ja ajanvarauslista vanhempien n\u00e4kyville p\u00e4iv\u00e4kotiin.<\/p>\n<p>3) Kertokaa kampanjasta vanhemmille esimerkiksi viikkokirjeen yhteydess\u00e4.<\/p>\n<p>4) Halutessaan p\u00e4iv\u00e4koti voi k\u00e4yd\u00e4 lainaamassa kirjavinkkilistan kirjoja p\u00e4iv\u00e4kotiin jo valmiiksi, jolloin lukuajan varaavien ei tarvitse tuoda kirjaa mukanaan. Jos kirjoja l\u00f6ytyy p\u00e4iv\u00e4kodista, t\u00e4st\u00e4 kannattaa kertoa kampanjaan osallistuville isille.<\/p>\n<p><img loading=\"lazy\" decoding=\"async\" src=\"https:\/\/kirjalitta.fi\/kirjalitta\/wp-content\/uploads\/2018\/11\/Is\u00e4t-lukevat-1-219x300.jpg\" alt=\"\" class=\"wp-image-1446 size-medium alignright\" width=\"219\" height=\"300\" srcset=\"https:\/\/kirjalitta.fi\/kirjalitta\/wp-content\/uploads\/2018\/11\/Is\u00e4t-lukevat-1-219x300.jpg 219w, https:\/\/kirjalitta.fi\/kirjalitta\/wp-content\/uploads\/2018\/11\/Is\u00e4t-lukevat-1-768x1050.jpg 768w, https:\/\/kirjalitta.fi\/kirjalitta\/wp-content\/uploads\/2018\/11\/Is\u00e4t-lukevat-1-749x1024.jpg 749w\" sizes=\"auto, (max-width: 219px) 100vw, 219px\" \/><\/p>\n<p><strong>Materiaalit:<\/strong><\/p>\n<p>Ohjeet p\u00e4iv\u00e4kodille (<a href=\"https:\/\/kirjalitta.fi\/kirjalitta\/wp-content\/uploads\/2018\/11\/Is\u00e4t-lukevat-lapsille-ohjeet-p\u00e4iv\u00e4kotiin.pdf\">PDF<\/a>)<\/p>\n<p>Ohjeet vanhemmille (<a href=\"https:\/\/kirjalitta.fi\/kirjalitta\/wp-content\/uploads\/2018\/11\/Is\u00e4t-lukevat-lapsille.pdf\">PDF<\/a>)<\/p>\n<p><strong>Lis\u00e4tiedot:<\/strong><br \/>\n<a href=\"http:\/\/vanhempainliitto.fi\/tapahtumat\/kiedo-meidat-tarinaan-lukukampanja\/\">vanhempainliitto.fi\/tapahtumat\/kiedo-meidat-tarinaan-lukukampanja\/<\/a><\/p>\n","protected":false},"excerpt":{"rendered":"<p>Is\u00e4t lukevat lapsille Kirjalitta-festivaali haastaa Vanhempainliiton valtakunnallista Kiedo meid\u00e4t tarinaan -kampanjaa mukaillen tamperelaiset is\u00e4t lukemaan lapsille joko omassa kodissa tai p\u00e4iv\u00e4kodissa. Is\u00e4t lukevat lapsille -kampanjan ideana on kannustaa isi\u00e4 lukemaan lapsille enemm\u00e4n, sill\u00e4 vanhemman ja erityisesti is\u00e4n \u00e4\u00e4neen lukeminen ja lukemisen malli tukevat lapsen kielellist\u00e4 ja lukutaidon kehittymist\u00e4. P\u00e4iv\u00e4kodeille tuotettua [&hellip;]<\/p>\n","protected":false},"author":1,"featured_media":0,"parent":0,"menu_order":0,"comment_status":"closed","ping_status":"closed","template":"","meta":{"_themeisle_gutenberg_block_has_review":false,"footnotes":""},"class_list":["post-1441","page","type-page","status-publish","hentry"],"_links":{"self":[{"href":"https:\/\/kirjalitta.fi\/kirjalitta\/wp-json\/wp\/v2\/pages\/1441","targetHints":{"allow":["GET"]}}],"collection":[{"href":"https:\/\/kirjalitta.fi\/kirjalitta\/wp-json\/wp\/v2\/pages"}],"about":[{"href":"https:\/\/kirjalitta.fi\/kirjalitta\/wp-json\/wp\/v2\/types\/page"}],"author":[{"embeddable":true,"href":"https:\/\/kirjalitta.fi\/kirjalitta\/wp-json\/wp\/v2\/users\/1"}],"replies":[{"embeddable":true,"href":"https:\/\/kirjalitta.fi\/kirjalitta\/wp-json\/wp\/v2\/comments?post=1441"}],"version-history":[{"count":6,"href":"https:\/\/kirjalitta.fi\/kirjalitta\/wp-json\/wp\/v2\/pages\/1441\/revisions"}],"predecessor-version":[{"id":1454,"href":"https:\/\/kirjalitta.fi\/kirjalitta\/wp-json\/wp\/v2\/pages\/1441\/revisions\/1454"}],"wp:attachment":[{"href":"https:\/\/kirjalitta.fi\/kirjalitta\/wp-json\/wp\/v2\/media?parent=1441"}],"curies":[{"name":"wp","href":"https:\/\/api.w.org\/{rel}","templated":true}]}}