{"id":1088,"date":"2018-10-04T09:21:59","date_gmt":"2018-10-04T06:21:59","guid":{"rendered":"http:\/\/kirjalitta.fi\/?page_id=1088"},"modified":"2018-11-04T22:21:30","modified_gmt":"2018-11-04T20:21:30","slug":"satukatkot","status":"publish","type":"page","link":"https:\/\/kirjalitta.fi\/kirjalitta\/satukatkot\/","title":{"rendered":"Satuk\u00e4tk\u00f6t"},"content":{"rendered":"<p>&nbsp;<\/p>\n<p>T\u00e4n\u00e4 vuonna Kirjalitta kannustaa p\u00e4iv\u00e4koteja, kouluja ja perheit\u00e4 etsim\u00e4\u00e4n sek\u00e4 tuottamaan omia satuk\u00e4tk\u00f6j\u00e4 geok\u00e4tk\u00f6ilyn hengess\u00e4. Luonto-Liiton satuk\u00e4tk\u00f6j\u00e4 voi k\u00e4yd\u00e4 etsim\u00e4ss\u00e4 N\u00e4sinpuistosta festivaaliviikolla, ja lis\u00e4ksi loka-marraskuussa luontoon voi k\u00e4tke\u00e4 omia satuja muiden l\u00f6ydett\u00e4v\u00e4ksi!<\/p>\n<p>&nbsp;<\/p>\n<h2><span style=\"color: #008000;\"><strong>Luonto-Liiton satuk\u00e4tk\u00f6t (ma 5.11.2018-)<\/strong><\/span><\/h2>\n<p>Lue luontoa Kirjalitan ja Luonto-Liiton satuk\u00e4tk\u00f6iss\u00e4! Satuk\u00e4tk\u00f6iss\u00e4 yhdistyv\u00e4t luontoon<br \/>\nliittyv\u00e4t faktat ja mielikuvitusta ruokkivat sanataideteht\u00e4v\u00e4t. Kaikki k\u00e4tk\u00f6t l\u00f6ytyv\u00e4t N\u00e4sinpuistosta. Puistoon on piilotettu yhteens\u00e4 kuusi luonnosta l\u00f6ytyviin merkkeihin liittyv\u00e4\u00e4 satuk\u00e4tk\u00f6\u00e4, jotka kaikki sijaitsevat polkujen l\u00e4hell\u00e4. Kallioilla ei siis tarvitse kiipeill\u00e4.<\/p>\n<p><em>Kun kulkee luonnossa avoimin silmin, voi l\u00f6yt\u00e4\u00e4 erilaisia merkkej\u00e4 el\u00e4inten touhuista ja muista luonnon tapahtumista. Olet ehk\u00e4 n\u00e4hnyt pensaassa lehden, joka on t\u00e4ynn\u00e4 pieni\u00e4 reiki\u00e4. Sit\u00e4 on perhosen toukka k\u00e4ynyt nakertelemassa. Tai ehk\u00e4 kasvoihisi on mets\u00e4ss\u00e4 osunut ohuen ohut seitti. Siin\u00e4 on h\u00e4m\u00e4h\u00e4kki ollut ty\u00f6ss\u00e4. N\u00e4in marraskuun alussa puiden paljaat oksat, j\u00e4\u00e4tyneet vesil\u00e4t\u00e4k\u00f6t ja kuurainen ruohikko kertovat, ett\u00e4 talvi on l\u00e4hell\u00e4.<\/em><\/p>\n<p><img loading=\"lazy\" decoding=\"async\" src=\"https:\/\/kirjalitta.fi\/kirjalitta\/wp-content\/uploads\/2018\/11\/Satuk\u00e4tk\u00f6-kartta.png\" alt=\"\" class=\"alignnone size-full wp-image-1431\" width=\"960\" height=\"717\" srcset=\"https:\/\/kirjalitta.fi\/kirjalitta\/wp-content\/uploads\/2018\/11\/Satuk\u00e4tk\u00f6-kartta.png 960w, https:\/\/kirjalitta.fi\/kirjalitta\/wp-content\/uploads\/2018\/11\/Satuk\u00e4tk\u00f6-kartta-300x224.png 300w, https:\/\/kirjalitta.fi\/kirjalitta\/wp-content\/uploads\/2018\/11\/Satuk\u00e4tk\u00f6-kartta-768x574.png 768w\" sizes=\"auto, (max-width: 960px) 100vw, 960px\" \/> Ohjeet PDF-tiedostona: <a href=\"https:\/\/kirjalitta.fi\/kirjalitta\/wp-content\/uploads\/2018\/11\/Satuk\u00e4tk\u00f6-ohjeet.pdf\">Luonto-Liiton satuk\u00e4tk\u00f6t<\/a><\/p>\n<h2><span style=\"color: #008000;\"><strong>Tee oma satuk\u00e4tk\u00f6 ja paljasta sen koordinaatit my\u00f6s muille!<\/strong><\/span><\/h2>\n<p>Satuk\u00e4tk\u00f6n tekeminen on hauska tapa tuoda lasten tekemi\u00e4 satuja esille! Oman satuk\u00e4tk\u00f6n voi tehd\u00e4 vaikka perheen kesken tai koulu\/p\u00e4iv\u00e4kotiryhm\u00e4ss\u00e4. Valitkaa sadun k\u00e4tk\u00f6paikka yhdess\u00e4 ja laatikaa etsimisohjeet. Satuk\u00e4tk\u00f6 kannattaa piilottaa niin hyvin, ettei sit\u00e4 l\u00f6yd\u00e4 sattumalta, mutta sellaiseen paikkaan ett\u00e4 sen voi l\u00f6yt\u00e4\u00e4 ohjeiden avulla. Pienryhm\u00e4t voivat etsi\u00e4 toistensa satuk\u00e4tk\u00f6j\u00e4 tai ohjeet voi antaa esikoulun tai p\u00e4iv\u00e4kodin muille ryhmille tai vanhemmille ja koteihin etsitt\u00e4v\u00e4ksi.<\/p>\n<p><strong>Satuk\u00e4tk\u00f6 syntyy n\u00e4in:<\/strong><\/p>\n<p>&#8211; Keksi satu. Tarinan kaaren rakentamiseen voi k\u00e4ytt\u00e4\u00e4 Sanataideyhdistys Y\u00f6st\u00e4j\u00e4n ohjeita (<a href=\"https:\/\/kirjalitta.fi\/kirjalitta\/wp-content\/uploads\/2018\/10\/Tarina-vaihe-vaiheelta.pdf\">PDF<\/a>)<\/p>\n<p>&#8211; Kirjoita satu paperille.<\/p>\n<p>&#8211; Valitse satupaperille sopiva rasia (esim. kannellinen pakasterasia), jossa satu pysyy luettavana my\u00f6s ulkoilmassa, tai p\u00e4\u00e4llyst\u00e4 paperi kontaktimuovilla.<\/p>\n<p>&#8211; Mieti sopiva k\u00e4tk\u00f6paikka sadulle p\u00e4iv\u00e4kodin tai esikoulun l\u00e4himaastosta.<\/p>\n<p>&#8211; Piilota satu k\u00e4tk\u00f6paikkaan. Anna satuk\u00e4tk\u00f6llesi nimi (se voi olla sama kuin sadun nimi tai esimerkiksi sadun piilottaneen ryhm\u00e4n nimi: \u201dSiilien satuk\u00e4tk\u00f6\u201d). Jos haluat, voit lis\u00e4t\u00e4 k\u00e4tk\u00f6n sis\u00e4\u00e4n my\u00f6s pienen vieraskirjan (esim. pieni vihko), johon k\u00e4tk\u00f6ll\u00e4 k\u00e4vij\u00e4t voivat kirjata nimens\u00e4 ja k\u00e4ynnin p\u00e4iv\u00e4m\u00e4\u00e4r\u00e4n.<\/p>\n<p>&#8211; Tee sanallinen ohje, joka ohjaa l\u00e4ht\u00f6paikalta (esim. p\u00e4iv\u00e4kodin ovelta) satuk\u00e4tk\u00f6n luo tai selvit\u00e4<br \/>\nk\u00e4tk\u00f6paikan koordinaatit ja ilmoita ne. Sanallinen ohje voi olla t\u00e4m\u00e4n tyylinen: \u201dK\u00e4vele kolmetoista<br \/>\naskelta kohti suurta kuusta. K\u00e4\u00e4nny vasemmalle kohti keinuja. K\u00e4vele keinujen luo ja jatka kolme loikkaa eteenp\u00e4in jne.\u201d<\/p>\n<p>&#8211; Anna ohjeet esimerkiksi toiselle p\u00e4iv\u00e4kotiryhm\u00e4lle tai koteihin, voit halutessasi julkaista satuk\u00e4tk\u00f6n sijaintitiedot alla olevan lomakkeen avulla, jolloin muutkin voivat k\u00e4yd\u00e4 tutustumassa k\u00e4tk\u00f6\u00f6n.<\/p>\n<p>&#8211; Muistathan k\u00e4yd\u00e4 ker\u00e4\u00e4m\u00e4ss\u00e4 k\u00e4tk\u00f6n pois luonnosta kun sit\u00e4 ei en\u00e4\u00e4 tarvita. Samalla voit tarkistaa mahdollisesta vieraskirjasta, montako k\u00e4vij\u00e4\u00e4 k\u00e4tk\u00f6ll\u00e4 on vieraillut.<\/p>\n<p>Satuk\u00e4tk\u00f6ohjeet PDF-tiedostona: <a href=\"https:\/\/kirjalitta.fi\/kirjalitta\/wp-content\/uploads\/2018\/10\/Tee-oma-satuk\u00e4tk\u00f6.pdf\">Tee oma satuk\u00e4tk\u00f6!<\/a><\/p>\n<h2><strong>Voit j\u00e4tt\u00e4\u00e4 oman satuk\u00e4tk\u00f6si koordinaatit tai etsimisohjeet alla olevaan vieraskirjaan<\/strong><\/h2>\n<p>&nbsp;<\/p>\n<h1 style=\"text-align: center;\"><span style=\"color: #008000;\"><strong>VIERASKIRJA<\/strong><\/span><\/h1>\n<div class=\"gwolle-gb\"><div class=\"gwolle_gb_messages_top_container\"><\/div>\n\t\t\t<div class=\"gwolle-gb-write-button\">\n\t\t\t\t<input type=\"button\" name=\"gwolle-gb-write-button\" class=\"button btn btn-default \" value=\"Kirjoita uusi viesti\" \/>\n\t\t\t<\/div>\n\t\t\t<form action=\"#\" method=\"POST\" class=\"gwolle-gb-write gwolle-gb-hide gwolle-gb-float gwolle_gb_form_ajax gwolle-gb-form-ajax gwolle-gb-ajax gwolle-gb-not-logged-in\">\n\t\t\t\t<h3>Julkaise oman satuk\u00e4tk\u00f6si koordinaatit vieraskirjassa<\/h3>\n\t\t\t\t<button type=\"button\" class=\"gb-notice-dismiss\">x<span class=\"screen-reader-text\">Hide this form.<\/span><\/button>\n\t\t\t\n\t\t\t\t<input type=\"hidden\" name=\"gwolle_gb_function\" class=\"gwolle_gb_function\" value=\"add_entry\" \/><input type=\"hidden\" name=\"gwolle_gb_book_id\" class=\"gwolle_gb_book_id\" value=\"1\" \/><div class=\"gwolle_gb_8a5101bdfbcb076891d57ae95af691f7\">\n\t\t\t\t<div class=\"label\"><label for=\"gwolle_gb_8a5101bdfbcb076891d57ae95af691f7-1\" class=\"text-info\">Nimi<\/label><\/div>\n\t\t\t\t<div class=\"input\"><input class=\"wp-exclude-emoji gwolle_gb_8a5101bdfbcb076891d57ae95af691f7\" value=\"\" type=\"text\" id=\"gwolle_gb_8a5101bdfbcb076891d57ae95af691f7-1\" name=\"gwolle_gb_8a5101bdfbcb076891d57ae95af691f7\" \/><\/div>\n\t\t\t\t<div class=\"clearBoth\">&nbsp;<\/div>\n\t\t\t<\/div><div class=\"gwolle_gb_3975226ad818a64f69b02b6abc4ae55e\">\n\t\t\t\t<div class=\"label\"><label for=\"gwolle_gb_3975226ad818a64f69b02b6abc4ae55e-1\" class=\"text-info\">S\u00e4hk\u00f6postiosoite <span class=\"required\">*<\/span><\/label><\/div>\n\t\t\t\t<div class=\"input\"><input class=\"gwolle_gb_3975226ad818a64f69b02b6abc4ae55e\" value=\"\" type=\"email\" id=\"gwolle_gb_3975226ad818a64f69b02b6abc4ae55e-1\" name=\"gwolle_gb_3975226ad818a64f69b02b6abc4ae55e\" required \/><\/div>\n\t\t\t\t<div class=\"clearBoth\">&nbsp;<\/div>\n\t\t\t<\/div>\n\t\t\t<div class=\"gwolle_gb_e20029592b1379885ee58a224763c194\" style=\"display:none;overflow:hidden;\" hidden=\"true\" aria-hidden=\"true\">\n\t\t\t\t<div class=\"label\">\n\t\t\t\t\t<label for=\"gwolle_gb_e20029592b1379885ee58a224763c194-1\" class=\"text-primary\">Do not touch this<\/label>\n\t\t\t\t\t<label for=\"gwolle_gb_b2882e7b539f69052a2642e8db533138-1\" class=\"text-primary\">Do not touch this<\/label>\n\t\t\t\t<\/div>\n\t\t\t\t<div class=\"input\">\n\t\t\t\t\t<input value=\"92\" type=\"text\" id=\"gwolle_gb_e20029592b1379885ee58a224763c194-1\" name=\"gwolle_gb_e20029592b1379885ee58a224763c194\" class=\"gwolle_gb_e20029592b1379885ee58a224763c194\" style=\"transform: translateY(10000px);\" \/>\n\t\t\t\t\t<input value=\"\" type=\"text\" name=\"gwolle_gb_b2882e7b539f69052a2642e8db533138\" id=\"gwolle_gb_b2882e7b539f69052a2642e8db533138-1\" class=\"gwolle_gb_b2882e7b539f69052a2642e8db533138\" style=\"transform: translateY(10000px);\" \/>\n\t\t\t\t<\/div>\n\t\t\t\t<div class=\"clearBoth\"><\/div>\n\t\t\t<\/div>\n\t\t\t<div class=\"gwolle_gb_6ef97f2569805058bd7bd97a8aac6da7\" style=\"display:none;overflow:hidden;\" hidden=\"true\" aria-hidden=\"true\">\n\t\t\t\t<div class=\"label\">\n\t\t\t\t\t<label for=\"gwolle_gb_6ef97f2569805058bd7bd97a8aac6da7-1\" class=\"text-primary\">Do not touch this<\/label>\n\t\t\t\t\t<label for=\"gwolle_gb_38513e7edb688dcb77b2cfb6baf032a4-1\" class=\"text-primary\">Do not touch this<\/label>\n\t\t\t\t<\/div>\n\t\t\t\t<div class=\"input\">\n\t\t\t\t\t<input value=\"56825\" type=\"text\" id=\"gwolle_gb_6ef97f2569805058bd7bd97a8aac6da7-1\" name=\"gwolle_gb_6ef97f2569805058bd7bd97a8aac6da7\" class=\"gwolle_gb_6ef97f2569805058bd7bd97a8aac6da7\" style=\"transform: translateY(10000px);\" \/>\n\t\t\t\t\t<input value=\"56825\" type=\"text\"id=\"gwolle_gb_38513e7edb688dcb77b2cfb6baf032a4-1\" name=\"gwolle_gb_38513e7edb688dcb77b2cfb6baf032a4\" class=\"gwolle_gb_38513e7edb688dcb77b2cfb6baf032a4\" style=\"transform: translateY(10000px);\" \/>\n\t\t\t\t<\/div>\n\t\t\t\t<div class=\"clearBoth\"><\/div>\n\t\t\t<\/div><div class=\"gwolle_gb_content\">\n\t\t\t\t<div class=\"label\"><label for=\"gwolle_gb_content-1\" class=\"text-info\">Vieraskirjan viesti <span class=\"required\">*<\/span><\/label><\/div>\n\t\t\t\t<div class=\"input\"><textarea id=\"gwolle_gb_content-1\" name=\"gwolle_gb_content\" class=\"gwolle_gb_content wp-exclude-emoji\" required ><\/textarea><\/div>\n\t\t\t\t\t<div class=\"clearBoth\">&nbsp;<\/div>\n\t\t\t\t<\/div><input type=\"hidden\" class=\"gwolle_gb_33c67d1a3e7c68b78f122e8cc957abd9\" id=\"gwolle_gb_33c67d1a3e7c68b78f122e8cc957abd9-1\" name=\"gwolle_gb_33c67d1a3e7c68b78f122e8cc957abd9\" value=\"6b1212039a\" \/>\n\t\t\t<div class=\"gwolle_gb_messages_bottom_container\"><\/div>\n\n\t\t\t<noscript><div class=\"no-js\">Warning: This form can only be used if JavaScript is enabled in your browser.<\/div><\/noscript>\n\n\t\t\t<div class=\"gwolle_gb_submit\">\n\t\t\t\t<div class=\"label gwolle-gb-invisible text-muted\">&nbsp;<\/div>\n\t\t\t\t<div class=\"input\">\n\t\t\t\t\t<input type=\"submit\" name=\"gwolle_gb_submit\" class=\"gwolle_gb_submit button btn btn-primary \" value=\"L\u00e4het\u00e4\" \/>\n\t\t\t\t\t<span class=\"gwolle_gb_submit_ajax_icon\"><\/span>\n\t\t\t\n\t\t\t\t<\/div>\n\t\t\t\t<div class=\"clearBoth\">&nbsp;<\/div>\n\t\t\t<\/div>\n\n\t\t\t<div class=\"gwolle_gb_notice\">\n\t\t\t\tT\u00e4hdell\u00e4 (*) merkityt kent\u00e4t ovat pakollisia.<br \/>\r\nS\u00e4hk\u00f6postiosoitettasi ei julkaista.<br \/>\r\nVoit k\u00e4ytt\u00e4\u00e4 halutessasi nimimerkki\u00e4.\n\t\t\t<\/div><\/form><div class=\"gwolle-gb-read gwolle-gb-ajax gwolle-gb-entries-list\" data-book_id=\"1\" data-page_id=\"1\">\n\t\t<div id=\"gwolle-gb-total\" class=\"gwolle-gb-total\">1 merkint\u00e4.<\/div><!-- Gwolle-GB Entry: Default Template Loaded -->\n\t\t\t\t<div class=\"gb-entry gb-entry_4 gb-entry-count_1 gwolle_gb_uneven gwolle-gb-uneven gwolle-gb-first\" data-entry_id=\"4\">\n\t\t\t\t<article>\n\t\t\t\t\t<div class=\"gb-author-info\">\n\t\t\t\t\t\t<span class=\"gb-author-name\"><i class=\"gb-moderator\">Kirjalitta<\/i>\n\t\t\t\t\t\t<\/span>\n\t\t\t\t\t\t<span class=\"gb-datetime\">\n\t\t\t\t\t\t\t<span class=\"gb-date\"><span class=\"gb-date-wrote-text\"> kirjoitti <\/span><span class=\"gb-date-text\"> 23.10.2018<\/span>\n\t\t\t\t\t\t\t<\/span><span class=\"gb-time\">\n\t\t\t\t\t\t\t\t\t<span class=\"gb-time-at-text\"> klo.<\/span>\n\t\t\t\t\t\t\t\t\t<span class=\"gb-time-text\"> 16:01<\/span>\n\t\t\t\t\t\t\t\t<\/span>\n\t\t\t\t\t\t<\/span> \n\t\t\t\t\t<\/div>\n\t\t\t\t\t<div class=\"gb-entry-content\">T\u00e4ss\u00e4 vieraskirjassa voit julkaista oman satuk\u00e4tk\u00f6si etsint\u00e4ohjeet tai koordinaatit. Ohjeet k\u00e4tk\u00f6n tekemiseen l\u00f6ytyv\u00e4t yl\u00e4puolelta.\n\t\t\t\t\t<\/div>\n\t\t\t\t<\/article>\n\t\t\t<\/div>\n\t\t\t<\/div><\/div>\n","protected":false},"excerpt":{"rendered":"<p>&nbsp; T\u00e4n\u00e4 vuonna Kirjalitta kannustaa p\u00e4iv\u00e4koteja, kouluja ja perheit\u00e4 etsim\u00e4\u00e4n sek\u00e4 tuottamaan omia satuk\u00e4tk\u00f6j\u00e4 geok\u00e4tk\u00f6ilyn hengess\u00e4. Luonto-Liiton satuk\u00e4tk\u00f6j\u00e4 voi k\u00e4yd\u00e4 etsim\u00e4ss\u00e4 N\u00e4sinpuistosta festivaaliviikolla, ja lis\u00e4ksi loka-marraskuussa luontoon voi k\u00e4tke\u00e4 omia satuja muiden l\u00f6ydett\u00e4v\u00e4ksi! &nbsp; Luonto-Liiton satuk\u00e4tk\u00f6t (ma 5.11.2018-) Lue luontoa Kirjalitan ja Luonto-Liiton satuk\u00e4tk\u00f6iss\u00e4! Satuk\u00e4tk\u00f6iss\u00e4 yhdistyv\u00e4t luontoon liittyv\u00e4t faktat ja [&hellip;]<\/p>\n","protected":false},"author":1,"featured_media":0,"parent":0,"menu_order":0,"comment_status":"closed","ping_status":"closed","template":"","meta":{"_themeisle_gutenberg_block_has_review":false,"footnotes":""},"class_list":["post-1088","page","type-page","status-publish","hentry"],"_links":{"self":[{"href":"https:\/\/kirjalitta.fi\/kirjalitta\/wp-json\/wp\/v2\/pages\/1088","targetHints":{"allow":["GET"]}}],"collection":[{"href":"https:\/\/kirjalitta.fi\/kirjalitta\/wp-json\/wp\/v2\/pages"}],"about":[{"href":"https:\/\/kirjalitta.fi\/kirjalitta\/wp-json\/wp\/v2\/types\/page"}],"author":[{"embeddable":true,"href":"https:\/\/kirjalitta.fi\/kirjalitta\/wp-json\/wp\/v2\/users\/1"}],"replies":[{"embeddable":true,"href":"https:\/\/kirjalitta.fi\/kirjalitta\/wp-json\/wp\/v2\/comments?post=1088"}],"version-history":[{"count":13,"href":"https:\/\/kirjalitta.fi\/kirjalitta\/wp-json\/wp\/v2\/pages\/1088\/revisions"}],"predecessor-version":[{"id":1193,"href":"https:\/\/kirjalitta.fi\/kirjalitta\/wp-json\/wp\/v2\/pages\/1088\/revisions\/1193"}],"wp:attachment":[{"href":"https:\/\/kirjalitta.fi\/kirjalitta\/wp-json\/wp\/v2\/media?parent=1088"}],"curies":[{"name":"wp","href":"https:\/\/api.w.org\/{rel}","templated":true}]}}